CRAN Package Check Results for Package latrend

Last updated on 2021-12-04 07:50:24 CET.

Flavor Version Tinstall Tcheck Ttotal Status Flags
r-devel-linux-x86_64-debian-clang 1.1.2 36.80 566.42 603.22 OK
r-devel-linux-x86_64-debian-gcc 1.1.2 29.33 360.78 390.11 OK
r-devel-linux-x86_64-fedora-clang 1.1.2 662.24 OK
r-devel-linux-x86_64-fedora-gcc 1.1.2 606.54 OK
r-devel-windows-x86_64-new-UL 1.1.2 78.00 608.00 686.00 OK
r-devel-windows-x86_64-new-TK 1.1.2 OK
r-devel-windows-x86_64-old 1.1.2 49.00 388.00 437.00 OK
r-patched-linux-x86_64 1.1.2 43.68 465.54 509.22 OK
r-release-linux-x86_64 1.1.2 33.37 469.43 502.80 OK
r-release-macos-arm64 1.1.2 NOTE
r-release-macos-x86_64 1.1.2 NOTE
r-release-windows-ix86+x86_64 1.1.2 62.00 530.00 592.00 OK
r-oldrel-macos-x86_64 1.1.2 NOTE
r-oldrel-windows-ix86+x86_64 1.1.2 63.00 515.00 578.00 OK

Check Details

Version: 1.1.2
Check: package dependencies
Result: NOTE
    Package suggested but not available for checking: ‘mixAK’
Flavors: r-release-macos-arm64, r-release-macos-x86_64, r-oldrel-macos-x86_64

Version: 1.1.2
Check: Rd cross-references
Result: NOTE
    Package unavailable to check Rd xrefs: ‘mixAK’
Flavors: r-release-macos-arm64, r-release-macos-x86_64, r-oldrel-macos-x86_64