Last updated on 2023-01-26 19:49:30 CET.
Flavor | Version | Tinstall | Tcheck | Ttotal | Status | Flags |
---|---|---|---|---|---|---|
r-devel-linux-x86_64-debian-clang | 1.1.0 | 7.27 | 156.67 | 163.94 | NOTE | |
r-devel-linux-x86_64-debian-gcc | 1.1.0 | 6.39 | 113.08 | 119.47 | NOTE | |
r-devel-linux-x86_64-fedora-clang | 1.1.0 | 192.53 | NOTE | |||
r-devel-linux-x86_64-fedora-gcc | 1.1.0 | 200.16 | NOTE | |||
r-devel-windows-x86_64 | 1.1.0 | 54.00 | 185.00 | 239.00 | NOTE | |
r-patched-linux-x86_64 | 1.1.0 | 6.25 | 146.24 | 152.49 | NOTE | |
r-release-linux-x86_64 | 1.1.0 | 7.76 | 139.76 | 147.52 | NOTE | |
r-release-macos-arm64 | 1.1.0 | 57.00 | NOTE | |||
r-release-macos-x86_64 | 1.1.0 | 117.00 | NOTE | |||
r-release-windows-x86_64 | 1.1.0 | 54.00 | 184.00 | 238.00 | NOTE | |
r-oldrel-macos-arm64 | 1.1.0 | 72.00 | NOTE | |||
r-oldrel-macos-x86_64 | 1.1.0 | 92.00 | NOTE | |||
r-oldrel-windows-ix86+x86_64 | 1.1.0 | 20.00 | 186.00 | 206.00 | NOTE |
Version: 1.1.0
Check: LazyData
Result: NOTE
'LazyData' is specified without a 'data' directory
Flavors: r-devel-linux-x86_64-debian-clang, r-devel-linux-x86_64-debian-gcc, r-devel-linux-x86_64-fedora-clang, r-devel-linux-x86_64-fedora-gcc, r-devel-windows-x86_64, r-patched-linux-x86_64, r-release-linux-x86_64, r-release-macos-arm64, r-release-macos-x86_64, r-release-windows-x86_64, r-oldrel-macos-arm64, r-oldrel-macos-x86_64, r-oldrel-windows-ix86+x86_64