CRAN Package Check Results for Package landscapemetrics

Last updated on 2021-11-27 07:49:53 CET.

Flavor Version Tinstall Tcheck Ttotal Status Flags
r-devel-linux-x86_64-debian-clang 1.5.4 OK
r-devel-linux-x86_64-debian-gcc 1.5.4 116.87 402.91 519.78 OK
r-devel-linux-x86_64-fedora-clang 1.5.4 939.30 NOTE
r-devel-linux-x86_64-fedora-gcc 1.5.4 892.74 OK
r-devel-windows-x86_64-new-UL 1.5.4 235.00 650.00 885.00 OK
r-devel-windows-x86_64-new-TK 1.5.4 OK
r-devel-windows-x86_64-old 1.5.4 164.00 636.00 800.00 OK
r-patched-linux-x86_64 1.5.4 148.99 506.47 655.46 OK
r-patched-solaris-x86 1.5.4 899.90 OK
r-release-linux-x86_64 1.5.4 OK
r-release-macos-arm64 1.5.4 NOTE
r-release-macos-x86_64 1.5.4 NOTE
r-release-windows-ix86+x86_64 1.5.4 386.00 727.00 1113.00 OK
r-oldrel-macos-x86_64 1.5.4 NOTE
r-oldrel-windows-ix86+x86_64 1.5.4 344.00 1001.00 1345.00 OK

Check Details

Version: 1.5.4
Check: installed package size
Result: NOTE
     installed size is 5.3Mb
     sub-directories of 1Mb or more:
     libs 3.6Mb
Flavors: r-devel-linux-x86_64-fedora-clang, r-release-macos-arm64, r-release-macos-x86_64, r-oldrel-macos-x86_64