CRAN Package Check Results for Package landsat

Last updated on 2024-03-02 19:50:21 CET.

Flavor Version Tinstall Tcheck Ttotal Status Flags
r-devel-linux-x86_64-debian-clang 1.1.2 11.64 104.58 116.22 NOTE
r-devel-linux-x86_64-debian-gcc 1.1.2 7.00 78.66 85.66 NOTE
r-devel-linux-x86_64-fedora-clang 1.1.2 138.53 NOTE
r-devel-linux-x86_64-fedora-gcc 1.1.2 138.69 NOTE
r-devel-windows-x86_64 1.1.2 9.00 99.00 108.00 OK
r-patched-linux-x86_64 1.1.2 10.97 103.76 114.73 OK
r-release-linux-x86_64 1.1.2 7.93 102.43 110.36 OK
r-release-macos-arm64 1.1.2 47.00 OK
r-release-macos-x86_64 1.1.2 120.00 OK
r-release-windows-x86_64 1.1.2 12.00 117.00 129.00 OK
r-oldrel-macos-arm64 1.1.2 50.00 OK
r-oldrel-windows-x86_64 1.1.2 12.00 121.00 133.00 OK

Check Details

Version: 1.1.2
Check: Rd files
Result: NOTE checkRd: (-1) DOS.Rd:34: Lost braces; missing escapes or markup? 34 | Band-specific sensor $G_{rescale}$ (gain). Require either gain and offset or Grescale and Brescale to convert DN to radiance. | ^ checkRd: (-1) DOS.Rd:37: Lost braces; missing escapes or markup? 37 | Band-specific sensor $B_{rescale}$ (bias). Require either gain and offset or Grescale and Brescale to convert DN to radiance. | ^ Flavors: r-devel-linux-x86_64-debian-clang, r-devel-linux-x86_64-debian-gcc, r-devel-linux-x86_64-fedora-clang, r-devel-linux-x86_64-fedora-gcc