CRAN Package Check Results for Package landmap

Last updated on 2022-01-23 19:48:33 CET.

Flavor Version Tinstall Tcheck Ttotal Status Flags
r-devel-linux-x86_64-debian-clang 0.0.13 28.77 252.52 281.29 OK
r-devel-linux-x86_64-debian-gcc 0.0.13 26.98 208.14 235.12 OK
r-devel-linux-x86_64-fedora-clang 0.0.13 376.66 NOTE
r-devel-linux-x86_64-fedora-gcc 0.0.13 389.54 NOTE
r-devel-windows-x86_64-new-UL 0.0.13 62.00 267.00 329.00 OK
r-devel-windows-x86_64-new-TK 0.0.13 NOTE
r-patched-linux-x86_64 0.0.13 26.97 248.55 275.52 OK
r-release-linux-x86_64 0.0.13 30.79 248.34 279.13 OK
r-release-macos-arm64 0.0.13 NOTE
r-release-macos-x86_64 0.0.13 NOTE
r-release-windows-ix86+x86_64 0.0.13 62.00 271.00 333.00 OK
r-oldrel-macos-x86_64 0.0.13 NOTE
r-oldrel-windows-ix86+x86_64 0.0.13 63.00 287.00 350.00 OK

Check Details

Version: 0.0.13
Check: dependencies in R code
Result: NOTE
    Namespaces in Imports field not imported from:
     ‘ParamHelpers’ ‘geoR’ ‘kernlab’ ‘maptools’ ‘nnet’ ‘rpart’ ‘spdep’
     ‘xgboost’
     All declared Imports should be used.
Flavors: r-devel-linux-x86_64-fedora-clang, r-devel-linux-x86_64-fedora-gcc, r-devel-windows-x86_64-new-TK, r-release-macos-arm64, r-release-macos-x86_64, r-oldrel-macos-x86_64

Version: 0.0.13
Check: data for non-ASCII characters
Result: NOTE
     Note: found 23 marked UTF-8 strings
Flavors: r-devel-linux-x86_64-fedora-clang, r-devel-linux-x86_64-fedora-gcc, r-devel-windows-x86_64-new-TK, r-release-macos-arm64, r-release-macos-x86_64, r-oldrel-macos-x86_64