CRAN Package Check Results for Package labeling

Last updated on 2021-09-20 20:48:47 CEST.

Flavor Version Tinstall Tcheck Ttotal Status Flags
r-devel-linux-x86_64-debian-clang 0.4.2 2.27 26.22 28.49 OK
r-devel-linux-x86_64-debian-gcc 0.4.2 1.70 20.42 22.12 OK
r-devel-linux-x86_64-fedora-clang 0.4.2 41.98 OK
r-devel-linux-x86_64-fedora-gcc 0.4.2 31.07 OK
r-devel-windows-x86_64 0.4.2 4.00 30.00 34.00 OK
r-devel-windows-x86_64-gcc10-UCRT 0.4.2 ERROR
r-patched-linux-x86_64 0.4.2 2.12 25.51 27.63 OK
r-patched-solaris-x86 0.4.2 48.70 OK
r-release-linux-x86_64 0.4.2 2.09 25.50 27.59 OK
r-release-macos-arm64 0.4.2 OK
r-release-macos-x86_64 0.4.2 OK
r-release-windows-ix86+x86_64 0.4.2 7.00 29.00 36.00 OK
r-oldrel-macos-x86_64 0.4.2 OK
r-oldrel-windows-ix86+x86_64 0.4.2 4.00 29.00 33.00 OK

Check Details

Version: 0.4.2
Check: whether package can be installed
Result: WARN
    Found the following significant warnings:
     WARNING: installation-time patches will not be applied, could not get the patches index
Flavor: r-devel-windows-x86_64-gcc10-UCRT

Version: 0.4.2
Check: PDF version of manual
Result: WARN
    LaTeX errors when creating PDF version.
    This typically indicates Rd problems.
Flavor: r-devel-windows-x86_64-gcc10-UCRT

Version: 0.4.2
Check: PDF version of manual without hyperrefs or index
Result: ERROR
    Re-running with no redirection of stdout/stderr.
Flavor: r-devel-windows-x86_64-gcc10-UCRT