CRAN Package Check Results for Package labdsv

Last updated on 2020-10-27 19:50:28 CET.

Flavor Version Tinstall Tcheck Ttotal Status Flags
r-devel-linux-x86_64-debian-clang 2.0-1 14.92 93.20 108.12 OK
r-devel-linux-x86_64-debian-gcc 2.0-1 10.47 70.75 81.22 OK
r-devel-linux-x86_64-fedora-clang 2.0-1 136.50 NOTE
r-devel-linux-x86_64-fedora-gcc 2.0-1 126.51 NOTE
r-devel-windows-ix86+x86_64 2.0-1 32.00 171.00 203.00 OK
r-patched-linux-x86_64 2.0-1 OK
r-patched-solaris-x86 2.0-1 176.50 OK
r-release-linux-x86_64 2.0-1 12.19 88.09 100.28 OK
r-release-macos-x86_64 2.0-1 OK
r-release-windows-ix86+x86_64 2.0-1 24.00 134.00 158.00 OK
r-oldrel-macos-x86_64 2.0-1 OK
r-oldrel-windows-ix86+x86_64 2.0-1 29.00 164.00 193.00 OK

Check Details

Version: 2.0-1
Check: Rd cross-references
Result: NOTE
    Undeclared package ‘fso’ in Rd xrefs
Flavor: r-devel-linux-x86_64-fedora-clang

Version: 2.0-1
Check: compiled code
Result: NOTE
    File ‘labdsv/libs/labdsv.so’:
     Found no calls to: ‘R_registerRoutines’, ‘R_useDynamicSymbols’
    
    It is good practice to register native routines and to disable symbol
    search.
    
    See ‘Writing portable packages’ in the ‘Writing R Extensions’ manual.
Flavors: r-devel-linux-x86_64-fedora-clang, r-devel-linux-x86_64-fedora-gcc