CRAN Package Check Results for Package l1spectral

Last updated on 2021-09-22 08:50:14 CEST.

Flavor Version Tinstall Tcheck Ttotal Status Flags
r-devel-linux-x86_64-debian-clang 0.99.2 42.06 88.87 130.93 OK
r-devel-linux-x86_64-debian-gcc 0.99.2 24.42 67.22 91.64 OK
r-devel-linux-x86_64-fedora-clang 0.99.2 163.71 OK
r-devel-linux-x86_64-fedora-gcc 0.99.2 146.53 OK
r-devel-windows-x86_64 0.99.2 36.00 87.00 123.00 OK
r-devel-windows-x86_64-gcc10-UCRT 0.99.2 ERROR
r-patched-linux-x86_64 0.99.2 32.18 85.38 117.56 OK
r-patched-solaris-x86 0.99.2 193.60 OK
r-release-linux-x86_64 0.99.2 28.48 85.13 113.61 OK
r-release-macos-arm64 0.99.2 OK
r-release-macos-x86_64 0.99.2 OK
r-release-windows-ix86+x86_64 0.99.2 81.00 118.00 199.00 OK
r-oldrel-macos-x86_64 0.99.2 OK
r-oldrel-windows-ix86+x86_64 0.99.2 60.00 130.00 190.00 OK

Check Details

Version: 0.99.2
Check: package dependencies
Result: ERROR
    Package required but not available: 'igraph'
    
    See section 'The DESCRIPTION file' in the 'Writing R Extensions'
    manual.
Flavor: r-devel-windows-x86_64-gcc10-UCRT