CRAN Package Check Results for Package kolmim

Last updated on 2020-10-28 07:49:48 CET.

Flavor Version Tinstall Tcheck Ttotal Status Flags
r-devel-linux-x86_64-debian-clang 1.0 2.81 20.40 23.21 OK
r-devel-linux-x86_64-debian-gcc 1.0 2.09 16.00 18.09 OK
r-devel-linux-x86_64-fedora-clang 1.0 37.48 NOTE
r-devel-linux-x86_64-fedora-gcc 1.0 26.92 NOTE
r-devel-windows-ix86+x86_64 1.0 8.00 44.00 52.00 OK
r-patched-linux-x86_64 1.0 OK
r-patched-solaris-x86 1.0 40.20 OK
r-release-linux-x86_64 1.0 2.29 19.20 21.49 OK
r-release-macos-x86_64 1.0 OK
r-release-windows-ix86+x86_64 1.0 6.00 36.00 42.00 OK
r-oldrel-macos-x86_64 1.0 OK
r-oldrel-windows-ix86+x86_64 1.0 7.00 56.00 63.00 OK

Check Details

Version: 1.0
Check: compiled code
Result: NOTE
    File ‘kolmim/libs/kolmim.so’:
     Found no call to: ‘R_useDynamicSymbols’
    
    It is good practice to register native routines and to disable symbol
    search.
    
    See ‘Writing portable packages’ in the ‘Writing R Extensions’ manual.
Flavors: r-devel-linux-x86_64-fedora-clang, r-devel-linux-x86_64-fedora-gcc