CRAN Package Check Results for Package kmer

Last updated on 2022-01-25 07:50:10 CET.

Flavor Version Tinstall Tcheck Ttotal Status Flags
r-devel-linux-x86_64-debian-clang 1.1.2 24.81 55.61 80.42 NOTE
r-devel-linux-x86_64-debian-gcc 1.1.2 16.61 43.07 59.68 NOTE
r-devel-linux-x86_64-fedora-clang 1.1.2 101.10 NOTE
r-devel-linux-x86_64-fedora-gcc 1.1.2 86.60 NOTE
r-devel-windows-x86_64-new-UL 1.1.2 39.00 107.00 146.00 NOTE
r-devel-windows-x86_64-new-TK 1.1.2 NOTE
r-patched-linux-x86_64 1.1.2 16.72 51.76 68.48 NOTE
r-release-linux-x86_64 1.1.2 19.08 52.16 71.24 NOTE
r-release-macos-arm64 1.1.2 NOTE
r-release-macos-x86_64 1.1.2 NOTE
r-release-windows-ix86+x86_64 1.1.2 55.00 97.00 152.00 NOTE
r-oldrel-macos-x86_64 1.1.2 OK
r-oldrel-windows-ix86+x86_64 1.1.2 52.00 97.00 149.00 OK

Check Details

Version: 1.1.2
Check: LazyData
Result: NOTE
     'LazyData' is specified without a 'data' directory
Flavors: r-devel-linux-x86_64-debian-clang, r-devel-linux-x86_64-debian-gcc, r-devel-linux-x86_64-fedora-clang, r-devel-linux-x86_64-fedora-gcc, r-devel-windows-x86_64-new-UL, r-devel-windows-x86_64-new-TK, r-patched-linux-x86_64, r-release-linux-x86_64, r-release-macos-arm64, r-release-macos-x86_64, r-release-windows-ix86+x86_64