CRAN Package Check Results for Package klic

Last updated on 2021-12-01 19:51:39 CET.

Flavor Version Tinstall Tcheck Ttotal Status Flags
r-devel-linux-x86_64-debian-clang 1.0.4 3.30 29.38 32.68 NOTE
r-devel-linux-x86_64-debian-gcc 1.0.4 2.49 22.34 24.83 NOTE
r-devel-linux-x86_64-fedora-clang 1.0.4 52.75 NOTE
r-devel-linux-x86_64-fedora-gcc 1.0.4 38.31 NOTE
r-devel-windows-x86_64-new-UL 1.0.4 11.00 72.00 83.00 NOTE
r-devel-windows-x86_64-new-TK 1.0.4 NOTE
r-devel-windows-x86_64-old 1.0.4 7.00 40.00 47.00 NOTE
r-patched-linux-x86_64 1.0.4 3.05 26.44 29.49 NOTE
r-patched-solaris-x86 1.0.4 57.40 NOTE
r-release-linux-x86_64 1.0.4 3.23 26.92 30.15 NOTE
r-release-macos-arm64 1.0.4 NOTE
r-release-macos-x86_64 1.0.4 NOTE
r-release-windows-ix86+x86_64 1.0.4 8.00 33.00 41.00 NOTE
r-oldrel-macos-x86_64 1.0.4 OK
r-oldrel-windows-ix86+x86_64 1.0.4 7.00 45.00 52.00 OK

Check Details

Version: 1.0.4
Check: LazyData
Result: NOTE
     'LazyData' is specified without a 'data' directory
Flavors: r-devel-linux-x86_64-debian-clang, r-devel-linux-x86_64-debian-gcc, r-devel-linux-x86_64-fedora-clang, r-devel-linux-x86_64-fedora-gcc, r-devel-windows-x86_64-new-UL, r-devel-windows-x86_64-new-TK, r-devel-windows-x86_64-old, r-patched-linux-x86_64, r-patched-solaris-x86, r-release-linux-x86_64, r-release-macos-arm64, r-release-macos-x86_64, r-release-windows-ix86+x86_64

Version: 1.0.4
Check: package dependencies
Result: NOTE
    Package suggested but not available for checking: ‘Rmosek’
Flavor: r-patched-solaris-x86