CRAN Package Check Results for Package klaR

Last updated on 2020-10-30 08:49:06 CET.

Flavor Version Tinstall Tcheck Ttotal Status Flags
r-devel-linux-x86_64-debian-clang 0.6-15 13.46 123.42 136.88 OK
r-devel-linux-x86_64-debian-gcc 0.6-15 11.24 88.46 99.70 OK
r-devel-linux-x86_64-fedora-clang 0.6-15 166.94 NOTE
r-devel-linux-x86_64-fedora-gcc 0.6-15 155.56 OK
r-devel-windows-ix86+x86_64 0.6-15 29.00 175.00 204.00 OK
r-patched-linux-x86_64 0.6-15 12.45 112.76 125.21 OK
r-patched-solaris-x86 0.6-15 196.50 OK
r-release-linux-x86_64 0.6-15 13.57 113.38 126.95 OK
r-release-macos-x86_64 0.6-15 OK
r-release-windows-ix86+x86_64 0.6-15 19.00 149.00 168.00 OK
r-oldrel-macos-x86_64 0.6-15 OK
r-oldrel-windows-ix86+x86_64 0.6-15 23.00 146.00 169.00 OK

Additional issues

MKL

Check Details

Version: 0.6-15
Check: Rd cross-references
Result: NOTE
    Undeclared packages ‘clustMixType’, ‘randomForest’, ‘ClustVarLV’ in Rd xrefs
Flavor: r-devel-linux-x86_64-fedora-clang