CRAN Package Check Results for Package klaR

Last updated on 2021-10-16 20:50:47 CEST.

Flavor Version Tinstall Tcheck Ttotal Status Flags
r-devel-linux-x86_64-debian-clang 0.6-15 14.33 130.98 145.31 OK
r-devel-linux-x86_64-debian-gcc 0.6-15 12.15 95.23 107.38 OK
r-devel-linux-x86_64-fedora-clang 0.6-15 177.83 NOTE
r-devel-linux-x86_64-fedora-gcc 0.6-15 166.28 OK
r-devel-windows-x86_64 0.6-15 31.00 114.00 145.00 OK
r-devel-windows-x86_64-gcc10-UCRT 0.6-15 OK
r-patched-linux-x86_64 0.6-15 14.43 123.51 137.94 OK
r-patched-solaris-x86 0.6-15 221.20 OK
r-release-linux-x86_64 0.6-15 12.02 123.11 135.13 OK
r-release-macos-arm64 0.6-15 OK
r-release-macos-x86_64 0.6-15 OK
r-release-windows-ix86+x86_64 0.6-15 29.00 164.00 193.00 OK
r-oldrel-macos-x86_64 0.6-15 OK
r-oldrel-windows-ix86+x86_64 0.6-15 30.00 159.00 189.00 OK

Additional issues

MKL

Check Details

Version: 0.6-15
Check: Rd cross-references
Result: NOTE
    Undeclared packages ‘clustMixType’, ‘randomForest’, ‘ClustVarLV’ in Rd xrefs
Flavor: r-devel-linux-x86_64-fedora-clang