CRAN Package Check Results for Package klaR

Last updated on 2021-07-23 21:50:21 CEST.

Flavor Version Tinstall Tcheck Ttotal Status Flags
r-devel-linux-x86_64-debian-clang 0.6-15 13.07 132.52 145.59 OK
r-devel-linux-x86_64-debian-gcc 0.6-15 11.10 94.34 105.44 OK
r-devel-linux-x86_64-fedora-clang 0.6-15 187.13 NOTE
r-devel-linux-x86_64-fedora-gcc 0.6-15 167.13 OK
r-devel-windows-x86_64 0.6-15 17.00 121.00 138.00 OK
r-devel-windows-x86_64-gcc10-UCRT 0.6-15 OK
r-patched-linux-x86_64 0.6-15 14.78 122.79 137.57 OK
r-patched-solaris-x86 0.6-15 208.60 OK
r-release-linux-x86_64 0.6-15 10.60 122.72 133.32 OK
r-release-macos-arm64 0.6-15 OK
r-release-macos-x86_64 0.6-15 OK
r-release-windows-ix86+x86_64 0.6-15 27.00 121.00 148.00 OK
r-oldrel-macos-x86_64 0.6-15 OK
r-oldrel-windows-ix86+x86_64 0.6-15 28.00 164.00 192.00 OK

Additional issues

MKL

Check Details

Version: 0.6-15
Check: Rd cross-references
Result: NOTE
    Undeclared packages ‘clustMixType’, ‘randomForest’, ‘ClustVarLV’ in Rd xrefs
Flavor: r-devel-linux-x86_64-fedora-clang