CRAN Package Check Results for Package kknn

Last updated on 2022-01-24 07:49:52 CET.

Flavor Version Tinstall Tcheck Ttotal Status Flags
r-devel-linux-x86_64-debian-clang 1.3.1 8.70 80.49 89.19 OK
r-devel-linux-x86_64-debian-gcc 1.3.1 7.50 61.64 69.14 OK
r-devel-linux-x86_64-fedora-clang 1.3.1 109.68 NOTE
r-devel-linux-x86_64-fedora-gcc 1.3.1 96.95 NOTE
r-devel-windows-x86_64-new-UL 1.3.1 19.00 97.00 116.00 OK
r-devel-windows-x86_64-new-TK 1.3.1 OK
r-patched-linux-x86_64 1.3.1 10.02 79.08 89.10 OK
r-release-linux-x86_64 1.3.1 9.20 78.79 87.99 OK
r-release-macos-arm64 1.3.1 OK
r-release-macos-x86_64 1.3.1 OK
r-release-windows-ix86+x86_64 1.3.1 18.00 117.00 135.00 OK
r-oldrel-macos-x86_64 1.3.1 OK
r-oldrel-windows-ix86+x86_64 1.3.1 20.00 119.00 139.00 OK

Check Details

Version: 1.3.1
Check: compiled code
Result: NOTE
    File ‘kknn/libs/kknn.so’:
     Found no calls to: ‘R_registerRoutines’, ‘R_useDynamicSymbols’
    
    It is good practice to register native routines and to disable symbol
    search.
    
    See ‘Writing portable packages’ in the ‘Writing R Extensions’ manual.
Flavors: r-devel-linux-x86_64-fedora-clang, r-devel-linux-x86_64-fedora-gcc