CRAN Package Check Results for Package kiwisR

Last updated on 2021-09-23 20:52:19 CEST.

Flavor Version Tinstall Tcheck Ttotal Status Flags
r-devel-linux-x86_64-debian-clang 0.2.0 2.58 31.49 34.07 NOTE
r-devel-linux-x86_64-debian-gcc 0.2.0 1.96 23.96 25.92 NOTE
r-devel-linux-x86_64-fedora-clang 0.2.0 46.89 NOTE
r-devel-linux-x86_64-fedora-gcc 0.2.0 35.66 NOTE
r-devel-windows-x86_64 0.2.0 4.00 106.00 110.00 NOTE
r-devel-windows-x86_64-gcc10-UCRT 0.2.0 NOTE
r-patched-linux-x86_64 0.2.0 2.24 30.10 32.34 NOTE
r-patched-solaris-x86 0.2.0 54.80 NOTE
r-release-linux-x86_64 0.2.0 1.93 30.09 32.02 NOTE
r-release-macos-arm64 0.2.0 NOTE
r-release-macos-x86_64 0.2.0 NOTE
r-release-windows-ix86+x86_64 0.2.0 8.00 100.00 108.00 NOTE
r-oldrel-macos-x86_64 0.2.0 OK
r-oldrel-windows-ix86+x86_64 0.2.0 4.00 137.00 141.00 OK

Check Details

Version: 0.2.0
Check: LazyData
Result: NOTE
     'LazyData' is specified without a 'data' directory
Flavors: r-devel-linux-x86_64-debian-clang, r-devel-linux-x86_64-debian-gcc, r-devel-linux-x86_64-fedora-clang, r-devel-linux-x86_64-fedora-gcc, r-devel-windows-x86_64, r-devel-windows-x86_64-gcc10-UCRT, r-patched-linux-x86_64, r-patched-solaris-x86, r-release-linux-x86_64, r-release-macos-arm64, r-release-macos-x86_64, r-release-windows-ix86+x86_64