Last updated on 2023-06-10 11:51:28 CEST.
Flavor | Version | Tinstall | Tcheck | Ttotal | Status | Flags |
---|---|---|---|---|---|---|
r-devel-linux-x86_64-debian-clang | 0.10.2 | 16.55 | 133.32 | 149.87 | OK | |
r-devel-linux-x86_64-debian-gcc | 0.10.2 | 13.03 | 99.03 | 112.06 | OK | |
r-devel-linux-x86_64-fedora-clang | 0.10.2 | 181.85 | NOTE | |||
r-devel-linux-x86_64-fedora-gcc | 0.10.2 | 193.93 | NOTE | |||
r-devel-windows-x86_64 | 0.10.2 | 16.00 | 129.00 | 145.00 | OK | |
r-patched-linux-x86_64 | 0.10.2 | 15.52 | 125.18 | 140.70 | OK | |
r-release-linux-x86_64 | 0.10.2 | 14.62 | 124.00 | 138.62 | OK | |
r-release-macos-arm64 | 0.10.2 | 54.00 | OK | |||
r-release-macos-x86_64 | 0.10.2 | 78.00 | OK | |||
r-release-windows-x86_64 | 0.10.2 | 20.00 | 158.00 | 178.00 | OK | |
r-oldrel-macos-arm64 | 0.10.2 | 52.00 | NOTE | |||
r-oldrel-macos-x86_64 | 0.10.2 | 89.00 | NOTE | |||
r-oldrel-windows-x86_64 | 0.10.2 | 20.00 | 152.00 | 172.00 | OK |
Version: 0.10.2
Check: dependencies in R code
Result: NOTE
Namespaces in Imports field not imported from:
‘fitdistrplus’ ‘plotly’
All declared Imports should be used.
Flavors: r-devel-linux-x86_64-fedora-clang, r-devel-linux-x86_64-fedora-gcc, r-oldrel-macos-arm64, r-oldrel-macos-x86_64