CRAN Package Check Results for Package kibior

Last updated on 2023-01-27 08:52:40 CET.

Flavor Version Tinstall Tcheck Ttotal Status Flags
r-devel-linux-x86_64-debian-clang 0.1.1 10.98 84.86 95.84 NOTE
r-devel-linux-x86_64-debian-gcc 0.1.1 10.02 62.19 72.21 NOTE
r-devel-linux-x86_64-fedora-clang 0.1.1 124.23 NOTE
r-devel-linux-x86_64-fedora-gcc 0.1.1 128.48 NOTE
r-devel-windows-x86_64 0.1.1 39.00 121.00 160.00 NOTE
r-patched-linux-x86_64 0.1.1 15.86 78.90 94.76 NOTE
r-release-linux-x86_64 0.1.1 7.96 78.85 86.81 NOTE
r-release-macos-arm64 0.1.1 36.00 NOTE
r-release-macos-x86_64 0.1.1 62.00 NOTE
r-release-windows-x86_64 0.1.1 46.00 128.00 174.00 NOTE
r-oldrel-macos-arm64 0.1.1 45.00 NOTE
r-oldrel-macos-x86_64 0.1.1 60.00 NOTE
r-oldrel-windows-ix86+x86_64 0.1.1 27.00 108.00 135.00 NOTE

Check Details

Version: 0.1.1
Check: LazyData
Result: NOTE
     'LazyData' is specified without a 'data' directory
Flavors: r-devel-linux-x86_64-debian-clang, r-devel-linux-x86_64-debian-gcc, r-devel-linux-x86_64-fedora-clang, r-devel-linux-x86_64-fedora-gcc, r-devel-windows-x86_64, r-patched-linux-x86_64, r-release-linux-x86_64, r-release-macos-arm64, r-release-macos-x86_64, r-release-windows-x86_64, r-oldrel-macos-arm64, r-oldrel-macos-x86_64, r-oldrel-windows-ix86+x86_64

Version: 0.1.1
Check: installed package size
Result: NOTE
     installed size is 5.0Mb
     sub-directories of 1Mb or more:
     doc 3.2Mb
     extdata 1.2Mb
Flavor: r-devel-linux-x86_64-fedora-clang

Version: 0.1.1
Check: dependencies in R code
Result: NOTE
    Namespaces in Imports field not imported from:
     ‘Biostrings’ ‘Rsamtools’ ‘rtracklayer’
     All declared Imports should be used.
Flavors: r-devel-linux-x86_64-fedora-clang, r-devel-linux-x86_64-fedora-gcc, r-release-macos-arm64, r-release-macos-x86_64, r-oldrel-macos-arm64, r-oldrel-macos-x86_64