Last updated on 2023-06-10 11:51:28 CEST.
Flavor | Version | Tinstall | Tcheck | Ttotal | Status | Flags |
---|---|---|---|---|---|---|
r-devel-linux-x86_64-debian-clang | 1.3.5 | 2.90 | 42.17 | 45.07 | NOTE | |
r-devel-linux-x86_64-debian-gcc | 1.3.5 | 2.85 | 32.55 | 35.40 | NOTE | |
r-devel-linux-x86_64-fedora-clang | 1.3.5 | 58.00 | NOTE | |||
r-devel-linux-x86_64-fedora-gcc | 1.3.5 | 55.29 | NOTE | |||
r-devel-windows-x86_64 | 1.3.5 | 5.00 | 56.00 | 61.00 | NOTE | |
r-patched-linux-x86_64 | 1.3.5 | 2.93 | 41.03 | 43.96 | NOTE | |
r-release-linux-x86_64 | 1.3.5 | 3.06 | 40.97 | 44.03 | NOTE | |
r-release-macos-arm64 | 1.3.5 | 24.00 | NOTE | |||
r-release-macos-x86_64 | 1.3.5 | 36.00 | NOTE | |||
r-release-windows-x86_64 | 1.3.5 | 5.00 | 61.00 | 66.00 | NOTE | |
r-oldrel-macos-arm64 | 1.3.5 | 22.00 | NOTE | |||
r-oldrel-macos-x86_64 | 1.3.5 | 40.00 | NOTE | |||
r-oldrel-windows-x86_64 | 1.3.5 | 6.00 | 62.00 | 68.00 | NOTE |
Version: 1.3.5
Check: LazyData
Result: NOTE
'LazyData' is specified without a 'data' directory
Flavors: r-devel-linux-x86_64-debian-clang, r-devel-linux-x86_64-debian-gcc, r-devel-linux-x86_64-fedora-clang, r-devel-linux-x86_64-fedora-gcc, r-devel-windows-x86_64, r-patched-linux-x86_64, r-release-linux-x86_64, r-release-macos-arm64, r-release-macos-x86_64, r-release-windows-x86_64, r-oldrel-macos-arm64, r-oldrel-macos-x86_64, r-oldrel-windows-x86_64