CRAN Package Check Results for Package kerastuneR

Last updated on 2020-09-19 20:47:58 CEST.

Flavor Version Tinstall Tcheck Ttotal Status Flags
r-devel-linux-x86_64-debian-clang 0.1.0.2 9.82 99.37 109.19 OK
r-devel-linux-x86_64-debian-gcc 0.1.0.2 9.01 75.32 84.33 OK
r-devel-linux-x86_64-fedora-clang 0.1.0.2 151.38 NOTE
r-devel-linux-x86_64-fedora-gcc 0.1.0.2 138.14 NOTE
r-devel-windows-ix86+x86_64 0.1.0.2 28.00 136.00 164.00 OK
r-patched-linux-x86_64 0.1.0.2 9.91 97.25 107.16 OK
r-patched-solaris-x86 0.1.0.2 196.60 NOTE
r-release-linux-x86_64 0.1.0.2 9.48 94.76 104.24 OK
r-release-macos-x86_64 0.1.0.2 NOTE
r-release-windows-ix86+x86_64 0.1.0.2 29.00 129.00 158.00 OK
r-oldrel-macos-x86_64 0.1.0.2 NOTE
r-oldrel-windows-ix86+x86_64 0.1.0.2 17.00 125.00 142.00 OK

Check Details

Version: 0.1.0.2
Check: dependencies in R code
Result: NOTE
    Namespace in Imports field not imported from: ‘keras’
     All declared Imports should be used.
Flavors: r-devel-linux-x86_64-fedora-clang, r-devel-linux-x86_64-fedora-gcc, r-patched-solaris-x86, r-release-macos-x86_64, r-oldrel-macos-x86_64