CRAN Package Check Results for Package kerasformula

Last updated on 2019-08-25 10:46:21 CEST.

Flavor Version Tinstall Tcheck Ttotal Status Flags
r-devel-linux-x86_64-debian-clang 1.5.1 8.65 68.56 77.21 OK
r-devel-linux-x86_64-debian-gcc 1.5.1 7.29 53.84 61.13 OK
r-devel-linux-x86_64-fedora-clang 1.5.1 98.64 OK
r-devel-linux-x86_64-fedora-gcc 1.5.1 96.22 OK
r-devel-windows-ix86+x86_64 1.5.1 21.00 113.00 134.00 OK
r-patched-linux-x86_64 1.5.1 8.39 66.63 75.02 OK
r-patched-solaris-x86 1.5.1 149.10 OK
r-release-linux-x86_64 1.5.1 7.83 66.14 73.97 OK
r-release-windows-ix86+x86_64 1.5.1 32.00 115.00 147.00 OK
r-release-osx-x86_64 1.5.1 OK
r-oldrel-windows-ix86+x86_64 1.5.1 16.00 120.00 136.00 OK
r-oldrel-osx-x86_64 1.5.1 WARN

Check Details

Version: 1.5.1
Check: whether package can be installed
Result: WARN
    Found the following significant warnings:
     Warning: package ‘dplyr’ was built under R version 3.5.1
Flavor: r-oldrel-osx-x86_64