Last updated on 2023-03-22 07:57:36 CET.
Flavor | Version | Tinstall | Tcheck | Ttotal | Status | Flags |
---|---|---|---|---|---|---|
r-devel-linux-x86_64-debian-clang | 2.11.0 | 27.93 | 245.08 | 273.01 | WARN | |
r-devel-linux-x86_64-debian-gcc | 2.11.1 | 21.93 | 189.60 | 211.53 | OK | |
r-devel-linux-x86_64-fedora-clang | 2.11.1 | 353.59 | OK | |||
r-devel-linux-x86_64-fedora-gcc | 2.11.1 | 354.45 | OK | |||
r-devel-windows-x86_64 | 2.11.1 | 198.00 | 327.00 | 525.00 | OK | |
r-patched-linux-x86_64 | 2.11.0 | 38.63 | 196.48 | 235.11 | OK | |
r-release-linux-x86_64 | 2.11.0 | 22.41 | 195.78 | 218.19 | OK | |
r-release-macos-arm64 | 2.11.1 | 75.00 | OK | |||
r-release-macos-x86_64 | 2.11.0 | 107.00 | OK | |||
r-release-windows-x86_64 | 2.11.0 | 252.00 | 261.00 | 513.00 | OK | |
r-oldrel-macos-arm64 | 2.11.1 | 86.00 | OK | |||
r-oldrel-macos-x86_64 | 2.11.0 | 122.00 | OK | |||
r-oldrel-windows-ix86+x86_64 | 2.11.0 | 48.00 | 229.00 | 277.00 | OK |
Version: 2.11.0
Check: S3 generic/method consistency
Result: WARN
r_to_py:
function(x, convert)
r_to_py.keras_layer_wrapper:
function(fn, convert)
See section ‘Generic functions and methods’ in the ‘Writing R
Extensions’ manual.
Flavor: r-devel-linux-x86_64-debian-clang