CRAN Package Check Results for Package kedd

Last updated on 2022-01-25 07:50:10 CET.

Flavor Version Tinstall Tcheck Ttotal Status Flags
r-devel-linux-x86_64-debian-clang 1.0.3 15.18 121.43 136.61 OK
r-devel-linux-x86_64-debian-gcc 1.0.3 11.00 88.14 99.14 OK
r-devel-linux-x86_64-fedora-clang 1.0.3 165.98 NOTE
r-devel-linux-x86_64-fedora-gcc 1.0.3 155.27 OK
r-devel-windows-x86_64-new-UL 1.0.3 37.00 205.00 242.00 OK
r-devel-windows-x86_64-new-TK 1.0.3 OK
r-patched-linux-x86_64 1.0.3 13.36 117.39 130.75 OK
r-release-linux-x86_64 1.0.3 11.71 118.36 130.07 OK
r-release-macos-arm64 1.0.3 OK
r-release-macos-x86_64 1.0.3 OK
r-release-windows-ix86+x86_64 1.0.3 21.00 146.00 167.00 OK
r-oldrel-macos-x86_64 1.0.3 OK
r-oldrel-windows-ix86+x86_64 1.0.3 14.00 149.00 163.00 OK

Check Details

Version: 1.0.3
Check: Rd cross-references
Result: NOTE
    Undeclared packages ‘nor1mix’, ‘ks’, ‘sm’, ‘locfit’, ‘orthopolynom’ in Rd xrefs
Flavor: r-devel-linux-x86_64-fedora-clang