CRAN Package Check Results for Package kcirt

Last updated on 2022-05-18 09:54:04 CEST.

Flavor Version Tinstall Tcheck Ttotal Status Flags
r-devel-linux-x86_64-debian-clang 0.6.0 3.88 47.77 51.65 NOTE
r-devel-linux-x86_64-debian-gcc 0.6.0 2.67 37.82 40.49 NOTE
r-devel-linux-x86_64-fedora-clang 0.6.0 64.90 NOTE
r-devel-linux-x86_64-fedora-gcc 0.6.0 64.83 NOTE
r-devel-windows-x86_64 0.6.0 16.00 95.00 111.00 NOTE
r-patched-linux-x86_64 0.6.0 4.57 46.77 51.34 NOTE
r-release-linux-x86_64 0.6.0 2.66 45.51 48.17 NOTE
r-release-macos-arm64 0.6.0 24.00 NOTE
r-release-macos-x86_64 0.6.0 33.00 NOTE
r-release-windows-x86_64 0.6.0 8.00 91.00 99.00 NOTE
r-oldrel-macos-arm64 0.6.0 37.00 NOTE
r-oldrel-macos-x86_64 0.6.0 45.00 NOTE
r-oldrel-windows-ix86+x86_64 0.6.0 6.00 51.00 57.00 NOTE

Check Details

Version: 0.6.0
Check: DESCRIPTION meta-information
Result: NOTE
    Malformed Description field: should contain one or more complete sentences.
Flavors: r-devel-linux-x86_64-debian-clang, r-devel-linux-x86_64-debian-gcc, r-devel-linux-x86_64-fedora-clang, r-devel-linux-x86_64-fedora-gcc, r-devel-windows-x86_64, r-patched-linux-x86_64, r-release-linux-x86_64, r-release-macos-arm64, r-release-macos-x86_64, r-release-windows-x86_64, r-oldrel-macos-arm64, r-oldrel-macos-x86_64, r-oldrel-windows-ix86+x86_64

Version: 0.6.0
Check: R code for possible problems
Result: NOTE
    ikcirt.fun.mss.eta: no visible global function definition for 'var'
    ikcirt.fun.mss.eta: no visible global function definition for 'pnorm'
    ikcirt.fun.mss.lambda: no visible global function definition for 'var'
    ikcirt.fun.mss.lambda: no visible global function definition for
     'pnorm'
    ikcirt.fun.mss.mu: no visible global function definition for 'pnorm'
    kcirt.fitEE: no visible binding for global variable 'sd'
    kcirt.fitEE: no visible global function definition for 'var'
    kcirt.fitEE: no visible global function definition for 'cor'
    kcirt.fitMSS: no visible global function definition for 'var'
    kcirt.fitMSS: no visible global function definition for 'pnorm'
    kcirt.fitMSS: no visible global function definition for 'sfInit'
    kcirt.fitMSS: no visible global function definition for 'sfExport'
    kcirt.fitMSS: no visible global function definition for 'rnorm'
    kcirt.fitMSS: no visible global function definition for
     'txtProgressBar'
    kcirt.fitMSS: no visible global function definition for 'sfIsRunning'
    kcirt.fitMSS: no visible global function definition for 'sfStop'
    kcirt.fitMSS: no visible global function definition for 'cor'
    Undefined global functions or variables:
     cor pnorm rnorm sd sfExport sfInit sfIsRunning sfStop txtProgressBar
     var
    Consider adding
     importFrom("stats", "cor", "pnorm", "rnorm", "sd", "var")
     importFrom("utils", "txtProgressBar")
    to your NAMESPACE file.
Flavors: r-devel-linux-x86_64-debian-clang, r-devel-linux-x86_64-debian-gcc, r-devel-linux-x86_64-fedora-clang, r-devel-linux-x86_64-fedora-gcc, r-devel-windows-x86_64, r-patched-linux-x86_64, r-release-linux-x86_64, r-release-macos-arm64, r-release-macos-x86_64, r-release-windows-x86_64, r-oldrel-macos-arm64, r-oldrel-macos-x86_64, r-oldrel-windows-ix86+x86_64