Last updated on 2023-12-10 19:49:15 CET.
Flavor | Version | Tinstall | Tcheck | Ttotal | Status | Flags |
---|---|---|---|---|---|---|
r-devel-linux-x86_64-debian-clang | 0.1.1 | 5.12 | 101.55 | 106.67 | OK | |
r-devel-linux-x86_64-debian-gcc | 0.1.1 | 5.54 | 76.29 | 81.83 | OK | |
r-devel-linux-x86_64-fedora-clang | 0.1.1 | 134.20 | NOTE | |||
r-devel-linux-x86_64-fedora-gcc | 0.1.1 | 138.31 | NOTE | |||
r-devel-windows-x86_64 | 0.1.1 | 8.00 | 91.00 | 99.00 | OK | |
r-patched-linux-x86_64 | 0.1.1 | 5.02 | 96.74 | 101.76 | OK | |
r-release-linux-x86_64 | 0.1.1 | 4.46 | 96.12 | 100.58 | OK | |
r-release-macos-arm64 | 0.1.1 | 51.00 | OK | |||
r-release-macos-x86_64 | 0.1.1 | 84.00 | OK | |||
r-release-windows-x86_64 | 0.1.1 | 9.00 | 105.00 | 114.00 | OK | |
r-oldrel-macos-arm64 | 0.1.1 | 46.00 | NOTE | |||
r-oldrel-macos-x86_64 | 0.1.1 | 86.00 | NOTE | |||
r-oldrel-windows-x86_64 | 0.1.1 | 9.00 | 106.00 | 115.00 | OK |
Version: 0.1.1
Check: dependencies in R code
Result: NOTE
Namespace in Imports field not imported from: ‘gifski’
All declared Imports should be used.
Flavors: r-devel-linux-x86_64-fedora-clang, r-devel-linux-x86_64-fedora-gcc, r-oldrel-macos-arm64, r-oldrel-macos-x86_64