Last updated on 2023-02-03 08:53:58 CET.
Flavor | Version | Tinstall | Tcheck | Ttotal | Status | Flags |
---|---|---|---|---|---|---|
r-devel-linux-x86_64-debian-clang | 2.0.3 | 70.35 | 142.12 | 212.47 | NOTE | |
r-devel-linux-x86_64-debian-gcc | 2.0.3 | 52.30 | 124.97 | 177.27 | NOTE | |
r-devel-linux-x86_64-fedora-clang | 2.0.3 | 274.93 | NOTE | |||
r-devel-linux-x86_64-fedora-gcc | 2.0.3 | 306.80 | NOTE | |||
r-devel-windows-x86_64 | 2.0.3 | 98.00 | 232.00 | 330.00 | NOTE | |
r-patched-linux-x86_64 | 2.0.3 | 52.29 | 161.64 | 213.93 | OK | |
r-release-linux-x86_64 | 2.0.3 | 43.59 | 153.99 | 197.58 | OK | |
r-release-macos-arm64 | 2.0.3 | 83.00 | OK | |||
r-release-macos-x86_64 | 2.0.3 | 118.00 | OK | |||
r-release-windows-x86_64 | 2.0.3 | 82.00 | 224.00 | 306.00 | OK | |
r-oldrel-macos-arm64 | 2.0.3 | 96.00 | OK | |||
r-oldrel-macos-x86_64 | 2.0.3 | 98.00 | OK | |||
r-oldrel-windows-ix86+x86_64 | 2.0.3 | 167.00 | 248.00 | 415.00 | OK |
Version: 2.0.3
Check: C++ specification
Result: NOTE
Specified C++14: please update to current default of C++17
Flavors: r-devel-linux-x86_64-debian-clang, r-devel-linux-x86_64-debian-gcc, r-devel-linux-x86_64-fedora-clang, r-devel-linux-x86_64-fedora-gcc, r-devel-windows-x86_64