CRAN Package Check Results for Package jsonlite

Last updated on 2020-08-04 21:48:18 CEST.

Flavor Version Tinstall Tcheck Ttotal Status Flags
r-devel-linux-x86_64-debian-clang 1.7.0 8.46 49.27 57.73 OK
r-devel-linux-x86_64-debian-gcc 1.7.0 6.19 39.22 45.41 OK
r-devel-linux-x86_64-fedora-clang 1.7.0 79.02 OK
r-devel-linux-x86_64-fedora-gcc 1.7.0 72.86 OK
r-devel-windows-ix86+x86_64 1.7.0 45.00 75.00 120.00 OK
r-patched-linux-x86_64 1.7.0 7.82 48.96 56.78 OK
r-patched-solaris-x86 1.7.0 95.70 WARN
r-release-linux-x86_64 1.7.0 5.68 49.29 54.97 OK
r-release-macos-x86_64 1.7.0 OK
r-release-windows-ix86+x86_64 1.7.0 50.00 111.00 161.00 OK
r-oldrel-macos-x86_64 1.7.0 OK
r-oldrel-windows-ix86+x86_64 1.7.0 42.00 70.00 112.00 OK

Check Details

Version: 1.7.0
Check: for unstated dependencies in ‘tests’
Result: WARN
    Warning in deparse(e[[2L]]) :
     it is not known that wchar_t is Unicode on this platform
    Warning in deparse(e[[2L]]) :
     it is not known that wchar_t is Unicode on this platform
    Warning in deparse(e[[2L]]) :
     it is not known that wchar_t is Unicode on this platform
    Warning in deparse(e[[2L]]) :
     it is not known that wchar_t is Unicode on this platform
    Warning in deparse(e[[2L]]) :
     it is not known that wchar_t is Unicode on this platform
    Warning in deparse(e[[2L]]) :
     it is not known that wchar_t is Unicode on this platform
    Warning in deparse(e[[2L]]) :
     it is not known that wchar_t is Unicode on this platform
    Warning in deparse(e[[2L]]) :
     it is not known that wchar_t is Unicode on this platform
    Warning in deparse(e[[2L]]) :
     it is not known that wchar_t is Unicode on this platform
    Warning in deparse(e[[2L]]) :
     it is not known that wchar_t is Unicode on this platform
Flavor: r-patched-solaris-x86