CRAN Package Check Results for Package jsonlite

Last updated on 2020-01-23 09:52:04 CET.

Flavor Version Tinstall Tcheck Ttotal Status Flags
r-devel-linux-x86_64-debian-clang 1.6 7.04 46.35 53.39 ERROR
r-devel-linux-x86_64-debian-gcc 1.6 5.90 36.52 42.42 ERROR
r-devel-linux-x86_64-fedora-clang 1.6 69.84 ERROR
r-devel-linux-x86_64-fedora-gcc 1.6 67.21 ERROR
r-devel-windows-ix86+x86_64 1.6 129.00 106.00 235.00 ERROR
r-devel-windows-ix86+x86_64-gcc8 1.6 49.00 86.00 135.00 ERROR
r-patched-linux-x86_64 1.6 6.31 43.21 49.52 OK
r-patched-solaris-x86 1.6 82.90 WARN
r-release-linux-x86_64 1.6 6.36 43.09 49.45 OK
r-release-windows-ix86+x86_64 1.6 81.00 75.00 156.00 OK
r-release-osx-x86_64 1.6 OK
r-oldrel-windows-ix86+x86_64 1.6 115.00 66.00 181.00 ERROR
r-oldrel-osx-x86_64 1.6 OK

Additional issues

LTO noSuggests

Check Details

Version: 1.6
Check: tests
Result: ERROR
     Running 'testthat.R' [8s/10s]
    Running the tests in 'tests/testthat.R' failed.
    Complete output:
     > #This file runs all unit tests on every R CMD check.
     > #Comment this out to disable.
     >
     > library(testthat)
     >
     > #filter is to disable tests that rely on external servers
     > test_check("jsonlite", filter="toJSON|fromJSON|libjson|serializeJSON")
     Loading required package: jsonlite
     -- 1. Failure: fromJSON Matrix datasets (@test-fromJSON-matrix.R#36) ----------
     `x` not equal to `expected`.
     7/156 mismatches (average diff: 1e-04)
     [17] 9.19 - 9.19 == 1e-04
     [23] 9.36 - 9.36 == -1e-04
     [34] 9.69 - 9.69 == 1e-04
     [65] 4.42 - 4.42 == 1e-04
     [94] 6.03 - 6.03 == -1e-04
     [108] 6.15 - 6.15 == 1e-04
     [113] 6.16 - 6.16 == -1e-04
    
     == testthat results ===========================================================
     [ OK: 1473 | SKIPPED: 0 | WARNINGS: 220 | FAILED: 1 ]
     1. Failure: fromJSON Matrix datasets (@test-fromJSON-matrix.R#36)
    
     Error: testthat unit tests failed
     Execution halted
Flavor: r-devel-linux-x86_64-debian-clang

Version: 1.6
Check: tests
Result: ERROR
     Running ‘testthat.R’ [6s/8s]
    Running the tests in ‘tests/testthat.R’ failed.
    Complete output:
     > #This file runs all unit tests on every R CMD check.
     > #Comment this out to disable.
     >
     > library(testthat)
     >
     > #filter is to disable tests that rely on external servers
     > test_check("jsonlite", filter="toJSON|fromJSON|libjson|serializeJSON")
     Loading required package: jsonlite
     ── 1. Failure: fromJSON Matrix datasets (@test-fromJSON-matrix.R#36) ──────────
     `x` not equal to `expected`.
     7/156 mismatches (average diff: 1e-04)
     [17] 9.19 - 9.19 == 1e-04
     [23] 9.36 - 9.36 == -1e-04
     [34] 9.69 - 9.69 == 1e-04
     [65] 4.42 - 4.42 == 1e-04
     [94] 6.03 - 6.03 == -1e-04
     [108] 6.15 - 6.15 == 1e-04
     [113] 6.16 - 6.16 == -1e-04
    
     ══ testthat results ═══════════════════════════════════════════════════════════
     [ OK: 1473 | SKIPPED: 0 | WARNINGS: 220 | FAILED: 1 ]
     1. Failure: fromJSON Matrix datasets (@test-fromJSON-matrix.R#36)
    
     Error: testthat unit tests failed
     Execution halted
Flavor: r-devel-linux-x86_64-debian-gcc

Version: 1.6
Check: tests
Result: ERROR
     Running ‘testthat.R’ [9s/10s]
    Running the tests in ‘tests/testthat.R’ failed.
    Complete output:
     > #This file runs all unit tests on every R CMD check.
     > #Comment this out to disable.
     >
     > library(testthat)
     >
     > #filter is to disable tests that rely on external servers
     > test_check("jsonlite", filter="toJSON|fromJSON|libjson|serializeJSON")
     Loading required package: jsonlite
     ── 1. Failure: fromJSON Matrix datasets (@test-fromJSON-matrix.R#36) ──────────
     `x` not equal to `expected`.
     7/156 mismatches (average diff: 1e-04)
     [17] 9.19 - 9.19 == 1e-04
     [23] 9.36 - 9.36 == -1e-04
     [34] 9.69 - 9.69 == 1e-04
     [65] 4.42 - 4.42 == 1e-04
     [94] 6.03 - 6.03 == -1e-04
     [108] 6.15 - 6.15 == 1e-04
     [113] 6.16 - 6.16 == -1e-04
    
     ══ testthat results ═══════════════════════════════════════════════════════════
     [ OK: 1473 | SKIPPED: 0 | WARNINGS: 220 | FAILED: 1 ]
     1. Failure: fromJSON Matrix datasets (@test-fromJSON-matrix.R#36)
    
     Error: testthat unit tests failed
     Execution halted
Flavor: r-devel-linux-x86_64-fedora-clang

Version: 1.6
Check: tests
Result: ERROR
     Running ‘testthat.R’ [9s/11s]
    Running the tests in ‘tests/testthat.R’ failed.
    Complete output:
     > #This file runs all unit tests on every R CMD check.
     > #Comment this out to disable.
     >
     > library(testthat)
     >
     > #filter is to disable tests that rely on external servers
     > test_check("jsonlite", filter="toJSON|fromJSON|libjson|serializeJSON")
     Loading required package: jsonlite
     ── 1. Failure: fromJSON Matrix datasets (@test-fromJSON-matrix.R#36) ──────────
     `x` not equal to `expected`.
     7/156 mismatches (average diff: 1e-04)
     [17] 9.19 - 9.19 == 1e-04
     [23] 9.36 - 9.36 == -1e-04
     [34] 9.69 - 9.69 == 1e-04
     [65] 4.42 - 4.42 == 1e-04
     [94] 6.03 - 6.03 == -1e-04
     [108] 6.15 - 6.15 == 1e-04
     [113] 6.16 - 6.16 == -1e-04
    
     ══ testthat results ═══════════════════════════════════════════════════════════
     [ OK: 1473 | SKIPPED: 0 | WARNINGS: 220 | FAILED: 1 ]
     1. Failure: fromJSON Matrix datasets (@test-fromJSON-matrix.R#36)
    
     Error: testthat unit tests failed
     Execution halted
Flavor: r-devel-linux-x86_64-fedora-gcc

Version: 1.6
Check: running tests for arch ‘i386’
Result: ERROR
     Running 'testthat.R' [9s]
    Running the tests in 'tests/testthat.R' failed.
    Complete output:
     > #This file runs all unit tests on every R CMD check.
     > #Comment this out to disable.
     >
     > library(testthat)
     >
     > #filter is to disable tests that rely on external servers
     > test_check("jsonlite", filter="toJSON|fromJSON|libjson|serializeJSON")
     Loading required package: jsonlite
     -- 1. Failure: fromJSON Matrix datasets (@test-fromJSON-matrix.R#36) ----------
     `x` not equal to `expected`.
     7/156 mismatches (average diff: 1e-04)
     [17] 9.19 - 9.19 == 1e-04
     [23] 9.36 - 9.36 == -1e-04
     [34] 9.69 - 9.69 == 1e-04
     [65] 4.42 - 4.42 == 1e-04
     [94] 6.03 - 6.03 == -1e-04
     [108] 6.15 - 6.15 == 1e-04
     [113] 6.16 - 6.16 == -1e-04
    
     == testthat results ===========================================================
     [ OK: 1473 | SKIPPED: 0 | WARNINGS: 220 | FAILED: 1 ]
     1. Failure: fromJSON Matrix datasets (@test-fromJSON-matrix.R#36)
    
     Error: testthat unit tests failed
     Execution halted
Flavor: r-devel-windows-ix86+x86_64

Version: 1.6
Check: running tests for arch ‘x64’
Result: ERROR
     Running 'testthat.R' [10s]
    Running the tests in 'tests/testthat.R' failed.
    Complete output:
     > #This file runs all unit tests on every R CMD check.
     > #Comment this out to disable.
     >
     > library(testthat)
     >
     > #filter is to disable tests that rely on external servers
     > test_check("jsonlite", filter="toJSON|fromJSON|libjson|serializeJSON")
     Loading required package: jsonlite
     -- 1. Failure: fromJSON Matrix datasets (@test-fromJSON-matrix.R#36) ----------
     `x` not equal to `expected`.
     7/156 mismatches (average diff: 1e-04)
     [17] 9.19 - 9.19 == 1e-04
     [23] 9.36 - 9.36 == -1e-04
     [34] 9.69 - 9.69 == 1e-04
     [65] 4.42 - 4.42 == 1e-04
     [94] 6.03 - 6.03 == -1e-04
     [108] 6.15 - 6.15 == 1e-04
     [113] 6.16 - 6.16 == -1e-04
    
     == testthat results ===========================================================
     [ OK: 1473 | SKIPPED: 0 | WARNINGS: 220 | FAILED: 1 ]
     1. Failure: fromJSON Matrix datasets (@test-fromJSON-matrix.R#36)
    
     Error: testthat unit tests failed
     Execution halted
Flavor: r-devel-windows-ix86+x86_64

Version: 1.6
Check: running tests for arch ‘i386’
Result: ERROR
     Running 'testthat.R' [8s]
    Running the tests in 'tests/testthat.R' failed.
    Complete output:
     > #This file runs all unit tests on every R CMD check.
     > #Comment this out to disable.
     >
     > library(testthat)
     >
     > #filter is to disable tests that rely on external servers
     > test_check("jsonlite", filter="toJSON|fromJSON|libjson|serializeJSON")
     Loading required package: jsonlite
     -- 1. Failure: fromJSON Matrix datasets (@test-fromJSON-matrix.R#36) ----------
     `x` not equal to `expected`.
     7/156 mismatches (average diff: 1e-04)
     [17] 9.19 - 9.19 == 1e-04
     [23] 9.36 - 9.36 == -1e-04
     [34] 9.69 - 9.69 == 1e-04
     [65] 4.42 - 4.42 == 1e-04
     [94] 6.03 - 6.03 == -1e-04
     [108] 6.15 - 6.15 == 1e-04
     [113] 6.16 - 6.16 == -1e-04
    
     == testthat results ===========================================================
     [ OK: 1473 | SKIPPED: 0 | WARNINGS: 220 | FAILED: 1 ]
     1. Failure: fromJSON Matrix datasets (@test-fromJSON-matrix.R#36)
    
     Error: testthat unit tests failed
     Execution halted
Flavor: r-devel-windows-ix86+x86_64-gcc8

Version: 1.6
Check: running tests for arch ‘x64’
Result: ERROR
     Running 'testthat.R' [9s]
    Running the tests in 'tests/testthat.R' failed.
    Complete output:
     > #This file runs all unit tests on every R CMD check.
     > #Comment this out to disable.
     >
     > library(testthat)
     >
     > #filter is to disable tests that rely on external servers
     > test_check("jsonlite", filter="toJSON|fromJSON|libjson|serializeJSON")
     Loading required package: jsonlite
     -- 1. Failure: fromJSON Matrix datasets (@test-fromJSON-matrix.R#36) ----------
     `x` not equal to `expected`.
     7/156 mismatches (average diff: 1e-04)
     [17] 9.19 - 9.19 == 1e-04
     [23] 9.36 - 9.36 == -1e-04
     [34] 9.69 - 9.69 == 1e-04
     [65] 4.42 - 4.42 == 1e-04
     [94] 6.03 - 6.03 == -1e-04
     [108] 6.15 - 6.15 == 1e-04
     [113] 6.16 - 6.16 == -1e-04
    
     == testthat results ===========================================================
     [ OK: 1473 | SKIPPED: 0 | WARNINGS: 220 | FAILED: 1 ]
     1. Failure: fromJSON Matrix datasets (@test-fromJSON-matrix.R#36)
    
     Error: testthat unit tests failed
     Execution halted
Flavor: r-devel-windows-ix86+x86_64-gcc8

Version: 1.6
Check: for unstated dependencies in ‘tests’
Result: WARN
    Warning in deparse(e[[2L]]) :
     it is not known that wchar_t is Unicode on this platform
    Warning in deparse(e[[2L]]) :
     it is not known that wchar_t is Unicode on this platform
    Warning in deparse(e[[2L]]) :
     it is not known that wchar_t is Unicode on this platform
    Warning in deparse(e[[2L]]) :
     it is not known that wchar_t is Unicode on this platform
    Warning in deparse(e[[2L]]) :
     it is not known that wchar_t is Unicode on this platform
    Warning in deparse(e[[2L]]) :
     it is not known that wchar_t is Unicode on this platform
    Warning in deparse(e[[2L]]) :
     it is not known that wchar_t is Unicode on this platform
    Warning in deparse(e[[2L]]) :
     it is not known that wchar_t is Unicode on this platform
    Warning in deparse(e[[2L]]) :
     it is not known that wchar_t is Unicode on this platform
    Warning in deparse(e[[2L]]) :
     it is not known that wchar_t is Unicode on this platform
Flavor: r-patched-solaris-x86

Version: 1.6
Check: whether package can be installed
Result: ERROR
    Installation failed.
Flavor: r-oldrel-windows-ix86+x86_64