CRAN Package Check Results for Package jsmodule

Last updated on 2020-05-29 10:47:25 CEST.

Flavor Version Tinstall Tcheck Ttotal Status Flags
r-devel-linux-x86_64-debian-clang 1.0.7 33.75 198.47 232.22 OK
r-devel-linux-x86_64-debian-gcc 1.0.7 25.71 152.67 178.38 OK
r-devel-linux-x86_64-fedora-clang 1.0.7 290.26 NOTE
r-devel-linux-x86_64-fedora-gcc 1.0.7 287.64 NOTE
r-devel-windows-ix86+x86_64 1.0.7 74.00 275.00 349.00 OK
r-patched-linux-x86_64 1.0.7 27.02 195.29 222.31 OK
r-patched-solaris-x86 1.0.7 380.20 NOTE
r-release-linux-x86_64 1.0.7 30.49 196.40 226.89 OK
r-release-osx-x86_64 1.0.7 NOTE
r-release-windows-ix86+x86_64 1.0.7 56.00 205.00 261.00 OK
r-oldrel-osx-x86_64 1.0.7 NOTE
r-oldrel-windows-ix86+x86_64 1.0.7 58.00 218.00 276.00 OK

Check Details

Version: 1.0.7
Check: package dependencies
Result: NOTE
    Imports includes 31 non-default packages.
    Importing from so many packages makes the package vulnerable to any of
    them becoming unavailable. Move as many as possible to Suggests and
    use conditionally.
Flavor: r-devel-linux-x86_64-fedora-clang

Version: 1.0.7
Check: dependencies in R code
Result: NOTE
    Namespaces in Imports field not imported from:
     ‘Cairo’ ‘survC1’
     All declared Imports should be used.
Flavors: r-devel-linux-x86_64-fedora-clang, r-devel-linux-x86_64-fedora-gcc, r-patched-solaris-x86, r-release-osx-x86_64, r-oldrel-osx-x86_64