CRAN Package Check Results for Package jsmodule

Last updated on 2019-10-21 09:51:16 CEST.

Flavor Version Tinstall Tcheck Ttotal Status Flags
r-devel-linux-x86_64-debian-clang 1.0.1 30.20 163.13 193.33 OK
r-devel-linux-x86_64-debian-gcc 1.0.1 25.11 126.61 151.72 OK
r-devel-linux-x86_64-fedora-clang 1.0.1 237.26 NOTE
r-devel-linux-x86_64-fedora-gcc 1.0.1 204.98 NOTE
r-devel-windows-ix86+x86_64 1.0.1 61.00 288.00 349.00 OK
r-patched-linux-x86_64 1.0.1 26.44 158.59 185.03 OK
r-patched-solaris-x86 1.0.1 312.10 NOTE
r-release-linux-x86_64 1.0.1 27.04 159.58 186.62 OK
r-release-windows-ix86+x86_64 1.0.1 80.00 266.00 346.00 OK
r-release-osx-x86_64 1.0.1 NOTE
r-oldrel-windows-ix86+x86_64 1.0.1 36.00 159.00 195.00 OK
r-oldrel-osx-x86_64 1.0.1 NOTE

Check Details

Version: 1.0.1
Check: dependencies in R code
Result: NOTE
    Namespace in Imports field not imported from: ‘survC1’
     All declared Imports should be used.
Flavors: r-devel-linux-x86_64-fedora-clang, r-devel-linux-x86_64-fedora-gcc, r-patched-solaris-x86, r-release-osx-x86_64, r-oldrel-osx-x86_64