CRAN Package Check Results for Package jquerylib

Last updated on 2021-09-20 20:48:46 CEST.

Flavor Version Tinstall Tcheck Ttotal Status Flags
r-devel-linux-x86_64-debian-clang 0.1.4 2.25 23.68 25.93 OK
r-devel-linux-x86_64-debian-gcc 0.1.4 1.58 19.06 20.64 OK
r-devel-linux-x86_64-fedora-clang 0.1.4 40.15 OK
r-devel-linux-x86_64-fedora-gcc 0.1.4 29.33 OK
r-devel-windows-x86_64 0.1.4 4.00 31.00 35.00 OK
r-devel-windows-x86_64-gcc10-UCRT 0.1.4 ERROR
r-patched-linux-x86_64 0.1.4 2.05 23.34 25.39 OK
r-patched-solaris-x86 0.1.4 50.10 OK
r-release-linux-x86_64 0.1.4 2.09 23.25 25.34 OK
r-release-macos-arm64 0.1.4 OK
r-release-macos-x86_64 0.1.4 OK
r-release-windows-ix86+x86_64 0.1.4 5.00 30.00 35.00 OK
r-oldrel-macos-x86_64 0.1.4 OK
r-oldrel-windows-ix86+x86_64 0.1.4 5.00 33.00 38.00 OK

Check Details

Version: 0.1.4
Check: whether package can be installed
Result: WARN
    Found the following significant warnings:
     WARNING: installation-time patches will not be applied, could not get the patches index
Flavor: r-devel-windows-x86_64-gcc10-UCRT

Version: 0.1.4
Check: PDF version of manual
Result: WARN
    LaTeX errors when creating PDF version.
    This typically indicates Rd problems.
Flavor: r-devel-windows-x86_64-gcc10-UCRT

Version: 0.1.4
Check: PDF version of manual without hyperrefs or index
Result: ERROR
    Re-running with no redirection of stdout/stderr.
Flavor: r-devel-windows-x86_64-gcc10-UCRT