Last updated on 2023-01-26 19:49:30 CET.
Flavor | Version | Tinstall | Tcheck | Ttotal | Status | Flags |
---|---|---|---|---|---|---|
r-devel-linux-x86_64-debian-clang | 0.2.1 | 12.82 | 78.48 | 91.30 | OK | |
r-devel-linux-x86_64-debian-gcc | 0.2.1 | 10.03 | 59.10 | 69.13 | OK | |
r-devel-linux-x86_64-fedora-clang | 0.2.1 | 120.00 | NOTE | |||
r-devel-linux-x86_64-fedora-gcc | 0.2.1 | 115.86 | NOTE | |||
r-devel-windows-x86_64 | 0.2.1 | 34.00 | 95.00 | 129.00 | OK | |
r-patched-linux-x86_64 | 0.2.1 | 11.28 | 76.94 | 88.22 | OK | |
r-release-linux-x86_64 | 0.2.1 | 8.77 | 75.20 | 83.97 | OK | |
r-release-macos-arm64 | 0.2.1 | 35.00 | OK | |||
r-release-macos-x86_64 | 0.2.1 | 52.00 | OK | |||
r-release-windows-x86_64 | 0.2.1 | 34.00 | 106.00 | 140.00 | OK | |
r-oldrel-macos-arm64 | 0.2.1 | 34.00 | OK | |||
r-oldrel-macos-x86_64 | 0.2.1 | 51.00 | OK | |||
r-oldrel-windows-ix86+x86_64 | 0.2.1 | 26.00 | 101.00 | 127.00 | OK |
Version: 0.2.1
Check: data for non-ASCII characters
Result: NOTE
Note: found 925830 marked UTF-8 strings
Flavors: r-devel-linux-x86_64-fedora-clang, r-devel-linux-x86_64-fedora-gcc