Last updated on 2025-04-29 09:52:08 CEST.
Flavor | Version | Tinstall | Tcheck | Ttotal | Status | Flags |
---|---|---|---|---|---|---|
r-devel-linux-x86_64-debian-clang | 1.0-6 | 16.44 | 266.37 | 282.81 | NOTE | |
r-devel-linux-x86_64-debian-gcc | 1.0-6 | 9.21 | 163.93 | 173.14 | OK | |
r-devel-linux-x86_64-fedora-clang | 1.0-6 | 445.15 | OK | |||
r-devel-linux-x86_64-fedora-gcc | 1.0-6 | 434.40 | OK | |||
r-devel-windows-x86_64 | 1.0-6 | 16.00 | 215.00 | 231.00 | OK | |
r-patched-linux-x86_64 | 1.0-6 | 16.54 | 252.61 | 269.15 | OK | |
r-release-linux-x86_64 | 1.0-6 | 16.96 | 251.09 | 268.05 | OK | |
r-release-macos-arm64 | 1.0-6 | 115.00 | OK | |||
r-release-macos-x86_64 | 1.0-6 | 276.00 | OK | |||
r-release-windows-x86_64 | 1.0-6 | 18.00 | 214.00 | 232.00 | OK | |
r-oldrel-macos-arm64 | 1.0-6 | 112.00 | OK | |||
r-oldrel-macos-x86_64 | 1.0-6 | 358.00 | OK | |||
r-oldrel-windows-x86_64 | 1.0-6 | 20.00 | 287.00 | 307.00 | OK |
Version: 1.0-6
Check: examples
Result: NOTE
Examples with CPU (user + system) or elapsed time > 5s
user system elapsed
jordan-package 6.224 0.004 7.75
Flavor: r-devel-linux-x86_64-debian-clang