Last updated on 2021-01-26 07:50:18 CET.
Flavor | Version | Tinstall | Tcheck | Ttotal | Status | Flags |
---|---|---|---|---|---|---|
r-devel-linux-x86_64-debian-clang | 0.4.5 | 116.21 | 492.53 | 608.74 | OK | |
r-devel-linux-x86_64-debian-gcc | 0.4.5 | 79.27 | 357.79 | 437.06 | OK | |
r-devel-linux-x86_64-fedora-clang | 0.4.5 | 743.34 | NOTE | |||
r-devel-linux-x86_64-fedora-gcc | 0.4.5 | 730.17 | OK | |||
r-devel-windows-ix86+x86_64 | 0.4.5 | 265.00 | 829.00 | 1094.00 | OK | |
r-patched-linux-x86_64 | 0.4.5 | 91.34 | 458.54 | 549.88 | OK | |
r-patched-solaris-x86 | 0.4.5 | 963.00 | OK | |||
r-release-linux-x86_64 | 0.4.5 | 89.95 | 465.70 | 555.65 | OK | |
r-release-macos-x86_64 | 0.4.5 | NOTE | ||||
r-release-windows-ix86+x86_64 | 0.4.5 | 262.00 | 726.00 | 988.00 | OK | |
r-oldrel-macos-x86_64 | 0.4.5 | NOTE | ||||
r-oldrel-windows-ix86+x86_64 | 0.4.5 | 202.00 | 884.00 | 1086.00 | OK |
Version: 0.4.5
Check: installed package size
Result: NOTE
installed size is 7.4Mb
sub-directories of 1Mb or more:
data 1.3Mb
libs 4.9Mb
Flavors: r-devel-linux-x86_64-fedora-clang, r-release-macos-x86_64, r-oldrel-macos-x86_64