Last updated on 2025-01-25 07:50:29 CET.
Flavor | Version | Tinstall | Tcheck | Ttotal | Status | Flags |
---|---|---|---|---|---|---|
r-devel-linux-x86_64-debian-clang | 2.5.6 | 91.92 | 192.48 | 284.40 | OK | |
r-devel-linux-x86_64-debian-gcc | 2.5.6 | 53.47 | 95.77 | 149.24 | OK | |
r-devel-linux-x86_64-fedora-clang | 2.5.6 | 379.72 | NOTE | |||
r-devel-linux-x86_64-fedora-gcc | 2.5.6 | 346.60 | NOTE | |||
r-devel-windows-x86_64 | 2.5.6 | 86.00 | 140.00 | 226.00 | OK | |
r-patched-linux-x86_64 | 2.5.6 | 90.95 | 134.53 | 225.48 | OK | |
r-release-linux-x86_64 | 2.5.6 | 81.78 | 126.37 | 208.15 | OK | |
r-release-macos-arm64 | 2.5.6 | 56.00 | NOTE | |||
r-release-macos-x86_64 | 2.5.6 | 113.00 | NOTE | |||
r-release-windows-x86_64 | 2.5.6 | 84.00 | 141.00 | 225.00 | NOTE | |
r-oldrel-macos-arm64 | 2.5.6 | 86.00 | NOTE | |||
r-oldrel-macos-x86_64 | 2.5.6 | 125.00 | NOTE | |||
r-oldrel-windows-x86_64 | 2.5.6 | 103.00 | 176.00 | 279.00 | NOTE |
Version: 2.5.6
Check: dependencies in R code
Result: NOTE
Namespaces in Imports field not imported from:
‘BayesFactor’ ‘GGally’ ‘GPArotation’ ‘MASS’ ‘PMCMR’ ‘R6’ ‘ROCR’
‘afex’ ‘car’ ‘dplyr’ ‘emmeans’ ‘ggrepel’ ‘ggridges’ ‘lavaan’
‘multcomp’ ‘mvnormtest’ ‘nnet’ ‘psych’ ‘vcd’ ‘vcdExtra’
All declared Imports should be used.
Flavors: r-devel-linux-x86_64-fedora-clang, r-devel-linux-x86_64-fedora-gcc
Version: 2.5.6
Check: installed package size
Result: NOTE
installed size is 11.0Mb
sub-directories of 1Mb or more:
R 4.0Mb
i18n 6.7Mb
Flavors: r-release-macos-arm64, r-release-macos-x86_64, r-release-windows-x86_64, r-oldrel-macos-arm64, r-oldrel-macos-x86_64, r-oldrel-windows-x86_64