CRAN Package Check Results for Package jmotif

Last updated on 2020-07-14 09:50:35 CEST.

Flavor Version Tinstall Tcheck Ttotal Status Flags
r-devel-linux-x86_64-debian-clang 1.1.1 259.30 32.96 292.26 OK
r-devel-linux-x86_64-debian-gcc 1.1.1 199.12 26.28 225.40 OK
r-devel-linux-x86_64-fedora-clang 1.1.1 435.12 NOTE
r-devel-linux-x86_64-fedora-gcc 1.1.1 406.60 OK
r-devel-windows-ix86+x86_64 1.1.1 651.00 117.00 768.00 OK
r-patched-linux-x86_64 1.1.1 199.53 33.06 232.59 OK
r-patched-solaris-x86 1.1.1 313.00 OK
r-release-linux-x86_64 1.1.1 195.39 33.14 228.53 OK
r-release-macos-x86_64 1.1.1 ERROR
r-release-windows-ix86+x86_64 1.1.1 652.00 78.00 730.00 OK
r-oldrel-macos-x86_64 1.1.1 NOTE
r-oldrel-windows-ix86+x86_64 1.1.1 604.00 102.00 706.00 OK

Check Details

Version: 1.1.1
Check: installed package size
Result: NOTE
     installed size is 8.9Mb
     sub-directories of 1Mb or more:
     data 1.1Mb
     libs 7.6Mb
Flavors: r-devel-linux-x86_64-fedora-clang, r-oldrel-macos-x86_64

Version: 1.1.1
Check: whether package can be installed
Result: ERROR
    Installation failed.
Flavor: r-release-macos-x86_64