CRAN Package Check Results for Package jetset

Last updated on 2021-09-18 20:51:58 CEST.

Flavor Version Tinstall Tcheck Ttotal Status Flags
r-devel-linux-x86_64-debian-clang 3.4.0 19.12 176.64 195.76 OK
r-devel-linux-x86_64-debian-gcc 3.4.0 14.45 132.58 147.03 OK
r-devel-linux-x86_64-fedora-clang 3.4.0 242.36 OK
r-devel-linux-x86_64-fedora-gcc 3.4.0 228.18 OK
r-devel-windows-x86_64 3.4.0 21.00 195.00 216.00 OK
r-devel-windows-x86_64-gcc10-UCRT 3.4.0 OK
r-patched-linux-x86_64 3.4.0 13.25 167.15 180.40 OK
r-patched-solaris-x86 3.4.0 337.90 OK
r-release-linux-x86_64 3.4.0 17.53 166.82 184.35 OK
r-release-macos-arm64 3.4.0 OK
r-release-macos-x86_64 3.4.0 ERROR
r-release-windows-ix86+x86_64 3.4.0 5.00 5.00 10.00 ERROR
r-oldrel-macos-x86_64 3.4.0 OK
r-oldrel-windows-ix86+x86_64 3.4.0 29.00 122.00 151.00 OK

Check Details

Version: 3.4.0
Check: package dependencies
Result: ERROR
    Package required but not available: ‘org.Hs.eg.db’
    
    See section ‘The DESCRIPTION file’ in the ‘Writing R Extensions’
    manual.
Flavor: r-release-macos-x86_64

Version: 3.4.0
Check: whether package can be installed
Result: ERROR
    Installation failed.
Flavor: r-release-windows-ix86+x86_64