CRAN Package Check Results for Package japanmesh

Last updated on 2022-06-30 21:49:45 CEST.

Flavor Version Tinstall Tcheck Ttotal Status Flags
r-devel-linux-x86_64-debian-clang 0.1.1 6.15 46.39 52.54 OK
r-devel-linux-x86_64-debian-gcc 0.1.1 4.40 35.14 39.54 OK
r-devel-linux-x86_64-fedora-clang 0.1.1 73.15 NOTE
r-devel-linux-x86_64-fedora-gcc 0.1.1 71.55 NOTE
r-devel-windows-x86_64 0.1.1 33.00 77.00 110.00 OK
r-patched-linux-x86_64 0.1.1 5.14 43.99 49.13 OK
r-release-linux-x86_64 0.1.1 5.58 43.82 49.40 OK
r-release-macos-arm64 0.1.1 23.00 NOTE
r-release-macos-x86_64 0.1.1 40.00 NOTE
r-release-windows-x86_64 0.1.1 42.00 69.00 111.00 OK
r-oldrel-macos-arm64 0.1.1 126.00 NOTE
r-oldrel-macos-x86_64 0.1.1 32.00 NOTE
r-oldrel-windows-ix86+x86_64 0.1.1 12.00 62.00 74.00 OK

Check Details

Version: 0.1.1
Check: data for non-ASCII characters
Result: NOTE
     Note: found 461377 marked UTF-8 strings
Flavors: r-devel-linux-x86_64-fedora-clang, r-devel-linux-x86_64-fedora-gcc, r-release-macos-arm64, r-release-macos-x86_64, r-oldrel-macos-arm64, r-oldrel-macos-x86_64