CRAN Package Check Results for Package james.analysis

Last updated on 2020-09-24 20:46:51 CEST.

Flavor Version Tinstall Tcheck Ttotal Status Flags
r-devel-linux-x86_64-debian-clang 1.0.1 2.56 30.85 33.41 NOTE
r-devel-linux-x86_64-debian-gcc 1.0.1 2.33 23.80 26.13 NOTE
r-devel-linux-x86_64-fedora-clang 1.0.1 48.80 NOTE
r-devel-linux-x86_64-fedora-gcc 1.0.1 39.27 NOTE
r-devel-windows-ix86+x86_64 1.0.1 6.00 47.00 53.00 NOTE
r-patched-linux-x86_64 1.0.1 2.90 29.95 32.85 NOTE
r-patched-solaris-x86 1.0.1 56.30 NOTE
r-release-linux-x86_64 1.0.1 2.99 30.08 33.07 NOTE
r-release-macos-x86_64 1.0.1 NOTE
r-release-windows-ix86+x86_64 1.0.1 5.00 50.00 55.00 NOTE
r-oldrel-macos-x86_64 1.0.1 NOTE
r-oldrel-windows-ix86+x86_64 1.0.1 4.00 52.00 56.00 NOTE

Check Details

Version: 1.0.1
Check: R code for possible problems
Result: NOTE
    boxplot.james: no visible global function definition for 'mtext'
    getBestSolutionValues.james : <anonymous>: no visible global function
     definition for 'tail'
    isMinimizing: no visible global function definition for 'head'
    isMinimizing: no visible global function definition for 'tail'
    mergeJAMES.james: no visible global function definition for 'glob2rx'
    plotConvergence.james : <anonymous> : <anonymous>: no visible global
     function definition for 'tail'
    plotConvergence.james: no visible global function definition for 'tail'
    plotConvergence.james: no visible global function definition for 'head'
    plotConvergence.james : <anonymous>: no visible global function
     definition for 'tail'
    plotConvergence.james: no visible global function definition for
     'matplot'
    plotConvergence.james: no visible global function definition for
     'mtext'
    summary.james: no visible global function definition for 'sd'
    summary.james: no visible global function definition for 'median'
    summary.james: no visible global function definition for 'IQR'
    Undefined global functions or variables:
     IQR glob2rx head matplot median mtext sd tail
    Consider adding
     importFrom("graphics", "matplot", "mtext")
     importFrom("stats", "IQR", "median", "sd")
     importFrom("utils", "glob2rx", "head", "tail")
    to your NAMESPACE file.
Flavors: r-devel-linux-x86_64-debian-clang, r-devel-linux-x86_64-debian-gcc, r-devel-linux-x86_64-fedora-clang, r-devel-linux-x86_64-fedora-gcc, r-devel-windows-ix86+x86_64, r-patched-linux-x86_64, r-patched-solaris-x86, r-release-linux-x86_64, r-release-macos-x86_64, r-release-windows-ix86+x86_64, r-oldrel-macos-x86_64, r-oldrel-windows-ix86+x86_64