CRAN Package Check Results for Package jacpop

Last updated on 2021-09-21 08:49:50 CEST.

Flavor Version Tinstall Tcheck Ttotal Status Flags
r-devel-linux-x86_64-debian-clang 0.6 1.67 21.01 22.68 NOTE
r-devel-linux-x86_64-debian-gcc 0.6 1.50 16.54 18.04 NOTE
r-devel-linux-x86_64-fedora-clang 0.6 36.63 NOTE
r-devel-linux-x86_64-fedora-gcc 0.6 26.31 NOTE
r-devel-windows-x86_64 0.6 3.00 25.00 28.00 NOTE
r-devel-windows-x86_64-gcc10-UCRT 0.6 ERROR
r-patched-linux-x86_64 0.6 1.67 20.02 21.69 NOTE
r-patched-solaris-x86 0.6 41.60 NOTE
r-release-linux-x86_64 0.6 1.66 20.15 21.81 NOTE
r-release-macos-arm64 0.6 NOTE
r-release-macos-x86_64 0.6 NOTE
r-release-windows-ix86+x86_64 0.6 4.00 24.00 28.00 NOTE
r-oldrel-macos-x86_64 0.6 OK
r-oldrel-windows-ix86+x86_64 0.6 4.00 24.00 28.00 OK

Check Details

Version: 0.6
Check: LazyData
Result: NOTE
     'LazyData' is specified without a 'data' directory
Flavors: r-devel-linux-x86_64-debian-clang, r-devel-linux-x86_64-debian-gcc, r-devel-linux-x86_64-fedora-clang, r-devel-linux-x86_64-fedora-gcc, r-devel-windows-x86_64, r-devel-windows-x86_64-gcc10-UCRT, r-patched-linux-x86_64, r-patched-solaris-x86, r-release-linux-x86_64, r-release-macos-arm64, r-release-macos-x86_64, r-release-windows-ix86+x86_64

Version: 0.6
Check: whether package can be installed
Result: WARN
    Found the following significant warnings:
     WARNING: installation-time patches will not be applied, could not get the patches index
Flavor: r-devel-windows-x86_64-gcc10-UCRT

Version: 0.6
Check: PDF version of manual
Result: WARN
    LaTeX errors when creating PDF version.
    This typically indicates Rd problems.
Flavor: r-devel-windows-x86_64-gcc10-UCRT

Version: 0.6
Check: PDF version of manual without hyperrefs or index
Result: ERROR
    Re-running with no redirection of stdout/stderr.
Flavor: r-devel-windows-x86_64-gcc10-UCRT