CRAN Package Check Results for Package ivmte

Last updated on 2024-02-26 07:50:04 CET.

Flavor Version Tinstall Tcheck Ttotal Status Flags
r-devel-linux-x86_64-debian-clang 1.4.0 16.93 108.10 125.03 NOTE --no-vignettes
r-devel-linux-x86_64-debian-gcc 1.4.0 13.12 80.30 93.42 NOTE --no-vignettes
r-devel-linux-x86_64-fedora-clang 1.4.0 154.29 NOTE --no-vignettes
r-devel-linux-x86_64-fedora-gcc 1.4.0 153.20 NOTE --no-vignettes
r-devel-windows-x86_64 1.4.0 16.00 106.00 122.00 NOTE --no-vignettes
r-patched-linux-x86_64 1.4.0 17.04 105.38 122.42 NOTE --no-vignettes
r-release-linux-x86_64 1.4.0 14.51 106.44 120.95 NOTE --no-vignettes
r-release-macos-arm64 1.4.0 670.00 NOTE
r-release-macos-x86_64 1.4.0 1354.00 NOTE
r-release-windows-x86_64 1.4.0 13.00 129.00 142.00 NOTE --no-vignettes
r-oldrel-macos-arm64 1.4.0 648.00 NOTE
r-oldrel-windows-x86_64 1.4.0 23.00 123.00 146.00 NOTE --no-vignettes

Check Details

Version: 1.4.0
Flags: --no-vignettes
Check: package dependencies
Result: NOTE Packages suggested but not available for checking: 'gurobi', 'cplexAPI' Flavors: r-devel-linux-x86_64-debian-clang, r-devel-linux-x86_64-debian-gcc, r-devel-linux-x86_64-fedora-clang, r-devel-linux-x86_64-fedora-gcc, r-devel-windows-x86_64, r-patched-linux-x86_64, r-release-linux-x86_64, r-release-windows-x86_64, r-oldrel-windows-x86_64

Version: 1.4.0
Flags: --no-vignettes
Check: Rd files
Result: NOTE checkRd: (-1) sTsls.Rd:17: Lost braces; missing escapes or markup? 17 | \item{pi}{the matrix E[XZ']E[ZZ']^{-1}} | ^ checkRd: (-1) sTslsSplines.Rd:20: Lost braces; missing escapes or markup? 20 | \item{pi}{matrix, corresponds to E[XZ']E[ZZ']^{-1}, the first stage | ^ Flavors: r-devel-linux-x86_64-debian-clang, r-devel-linux-x86_64-debian-gcc, r-devel-windows-x86_64

Version: 1.4.0
Check: package dependencies
Result: NOTE Packages suggested but not available for checking: 'gurobi', 'cplexAPI' Flavors: r-release-macos-arm64, r-release-macos-x86_64, r-oldrel-macos-arm64