CRAN Package Check Results for Package itsmr

Last updated on 2021-09-20 08:50:22 CEST.

Flavor Version Tinstall Tcheck Ttotal Status Flags
r-devel-linux-x86_64-debian-clang 1.9 4.35 42.40 46.75 OK
r-devel-linux-x86_64-debian-gcc 1.9 3.81 31.04 34.85 OK
r-devel-linux-x86_64-fedora-clang 1.9 62.78 OK
r-devel-linux-x86_64-fedora-gcc 1.9 53.32 OK
r-devel-windows-x86_64 1.9 7.00 40.00 47.00 OK
r-devel-windows-x86_64-gcc10-UCRT 1.9 ERROR
r-patched-linux-x86_64 1.9 4.53 41.07 45.60 OK
r-patched-solaris-x86 1.9 70.00 OK
r-release-linux-x86_64 1.9 3.96 40.51 44.47 OK
r-release-macos-arm64 1.9 OK
r-release-macos-x86_64 1.9 OK
r-release-windows-ix86+x86_64 1.9 8.00 38.00 46.00 OK
r-oldrel-macos-x86_64 1.9 OK
r-oldrel-windows-ix86+x86_64 1.9 6.00 40.00 46.00 OK

Check Details

Version: 1.9
Check: whether package can be installed
Result: WARN
    Found the following significant warnings:
     WARNING: installation-time patches will not be applied, could not get the patches index
Flavor: r-devel-windows-x86_64-gcc10-UCRT

Version: 1.9
Check: PDF version of manual
Result: WARN
    LaTeX errors when creating PDF version.
    This typically indicates Rd problems.
Flavor: r-devel-windows-x86_64-gcc10-UCRT

Version: 1.9
Check: PDF version of manual without hyperrefs or index
Result: ERROR
    Re-running with no redirection of stdout/stderr.
Flavor: r-devel-windows-x86_64-gcc10-UCRT