Last updated on 2023-03-30 08:53:40 CEST.
Flavor | Version | Tinstall | Tcheck | Ttotal | Status | Flags |
---|---|---|---|---|---|---|
r-devel-linux-x86_64-debian-clang | 1.6.0 | 7.20 | 76.14 | 83.34 | NOTE | |
r-devel-linux-x86_64-debian-gcc | 1.6.0 | 6.03 | 56.62 | 62.65 | NOTE | |
r-devel-linux-x86_64-fedora-clang | 1.6.0 | 103.87 | NOTE | |||
r-devel-linux-x86_64-fedora-gcc | 1.6.0 | 96.65 | NOTE | |||
r-devel-windows-x86_64 | 1.6.0 | 13.00 | 0.00 | 13.00 | NOTE | |
r-patched-linux-x86_64 | 1.6.0 | 7.85 | 73.43 | 81.28 | NOTE | |
r-release-linux-x86_64 | 1.6.0 | 5.99 | 72.16 | 78.15 | NOTE | |
r-release-macos-arm64 | 1.6.0 | 32.00 | NOTE | |||
r-release-macos-x86_64 | 1.6.0 | 55.00 | NOTE | |||
r-release-windows-x86_64 | 1.6.0 | 17.00 | 98.00 | 115.00 | NOTE | |
r-oldrel-macos-arm64 | 1.6.0 | 39.00 | NOTE | |||
r-oldrel-macos-x86_64 | 1.6.0 | 63.00 | NOTE | |||
r-oldrel-windows-ix86+x86_64 | 1.6.0 | 20.00 | 102.00 | 122.00 | NOTE |
Version: 1.6.0
Check: LazyData
Result: NOTE
'LazyData' is specified without a 'data' directory
Flavors: r-devel-linux-x86_64-debian-clang, r-devel-linux-x86_64-debian-gcc, r-devel-linux-x86_64-fedora-clang, r-devel-linux-x86_64-fedora-gcc, r-devel-windows-x86_64, r-patched-linux-x86_64, r-release-linux-x86_64, r-release-macos-arm64, r-release-macos-x86_64, r-release-windows-x86_64, r-oldrel-macos-arm64, r-oldrel-macos-x86_64, r-oldrel-windows-ix86+x86_64
Version: 1.6.0
Check: R code for possible problems
Result: NOTE
Initiating curl with CURL_SSL_BACKEND: openssl
Flavor: r-oldrel-windows-ix86+x86_64