CRAN Package Check Results for Package isva

Last updated on 2022-01-25 07:50:10 CET.

Flavor Version Tinstall Tcheck Ttotal Status Flags
r-devel-linux-x86_64-debian-clang 1.9 5.26 61.57 66.83 NOTE
r-devel-linux-x86_64-debian-gcc 1.9 4.94 47.61 52.55 NOTE
r-devel-linux-x86_64-fedora-clang 1.9 79.87 NOTE
r-devel-linux-x86_64-fedora-gcc 1.9 69.74 NOTE
r-devel-windows-x86_64-new-UL 1.9 14.00 85.00 99.00 OK
r-devel-windows-x86_64-new-TK 1.9 OK
r-patched-linux-x86_64 1.9 4.92 56.06 60.98 NOTE
r-release-linux-x86_64 1.9 4.16 56.71 60.87 NOTE
r-release-macos-arm64 1.9 OK
r-release-macos-x86_64 1.9 OK
r-release-windows-ix86+x86_64 1.9 14.00 71.00 85.00 OK
r-oldrel-macos-x86_64 1.9 OK
r-oldrel-windows-ix86+x86_64 1.9 15.00 72.00 87.00 OK

Check Details

Version: 1.9
Check: for non-standard things in the check directory
Result: NOTE
    Found the following files/directories:
     'RMTplot.pdf'
Flavors: r-devel-linux-x86_64-debian-clang, r-devel-linux-x86_64-debian-gcc, r-devel-linux-x86_64-fedora-clang, r-devel-linux-x86_64-fedora-gcc, r-patched-linux-x86_64, r-release-linux-x86_64