CRAN Package Check Results for Package ispd

Last updated on 2021-09-21 08:49:49 CEST.

Flavor Version Tinstall Tcheck Ttotal Status Flags
r-devel-linux-x86_64-debian-clang 0.2 13.11 95.78 108.89 OK
r-devel-linux-x86_64-debian-gcc 0.2 10.66 74.56 85.22 OK
r-devel-linux-x86_64-fedora-clang 0.2 139.94 OK
r-devel-linux-x86_64-fedora-gcc 0.2 127.42 OK
r-devel-windows-x86_64 0.2 13.00 81.00 94.00 OK
r-devel-windows-x86_64-gcc10-UCRT 0.2 ERROR
r-patched-linux-x86_64 0.2 12.66 91.17 103.83 OK
r-patched-solaris-x86 0.2 200.60 OK
r-release-linux-x86_64 0.2 12.53 91.38 103.91 OK
r-release-macos-arm64 0.2 OK
r-release-macos-x86_64 0.2 OK
r-release-windows-ix86+x86_64 0.2 29.00 86.00 115.00 OK
r-oldrel-macos-x86_64 0.2 OK
r-oldrel-windows-ix86+x86_64 0.2 26.00 90.00 116.00 OK

Check Details

Version: 0.2
Check: whether package can be installed
Result: WARN
    Found the following significant warnings:
     WARNING: installation-time patches will not be applied, could not get the patches index
Flavor: r-devel-windows-x86_64-gcc10-UCRT

Version: 0.2
Check: PDF version of manual
Result: WARN
    LaTeX errors when creating PDF version.
    This typically indicates Rd problems.
Flavor: r-devel-windows-x86_64-gcc10-UCRT

Version: 0.2
Check: PDF version of manual without hyperrefs or index
Result: ERROR
    Re-running with no redirection of stdout/stderr.
Flavor: r-devel-windows-x86_64-gcc10-UCRT