CRAN Package Check Results for Package isotree

Last updated on 2021-09-24 20:48:48 CEST.

Flavor Version Tinstall Tcheck Ttotal Status Flags
r-devel-linux-x86_64-debian-clang 0.3.0 109.85 47.74 157.59 OK
r-devel-linux-x86_64-debian-gcc 0.3.0 82.19 32.31 114.50 OK
r-devel-linux-x86_64-fedora-clang 0.3.0 227.78 NOTE
r-devel-linux-x86_64-fedora-gcc 0.3.0 215.08 OK
r-devel-windows-x86_64 0.3.0 105.00 55.00 160.00 OK
r-devel-windows-x86_64-gcc10-UCRT 0.3.0 OK
r-patched-linux-x86_64 0.3.0 94.46 46.20 140.66 OK
r-patched-solaris-x86 0.3.0 177.90 OK
r-release-linux-x86_64 0.3.0 94.33 46.16 140.49 OK
r-release-macos-arm64 0.3.0 NOTE
r-release-macos-x86_64 0.3.0 NOTE
r-release-windows-ix86+x86_64 0.3.0 238.00 81.00 319.00 OK
r-oldrel-macos-x86_64 0.3.0 NOTE
r-oldrel-windows-ix86+x86_64 0.3.0 197.00 81.00 278.00 OK

Check Details

Version: 0.3.0
Check: installed package size
Result: NOTE
     installed size is 9.4Mb
     sub-directories of 1Mb or more:
     libs 9.2Mb
Flavors: r-devel-linux-x86_64-fedora-clang, r-release-macos-arm64, r-release-macos-x86_64, r-oldrel-macos-x86_64