CRAN Package Check Results for Package isocat

Last updated on 2019-08-17 11:47:27 CEST.

Flavor Version Tinstall Tcheck Ttotal Status Flags
r-devel-linux-x86_64-debian-clang 0.2.3 7.74 99.44 107.18 OK
r-devel-linux-x86_64-debian-gcc 0.2.3 6.38 75.97 82.35 OK
r-devel-linux-x86_64-fedora-clang 0.2.3 125.15 NOTE
r-devel-linux-x86_64-fedora-gcc 0.2.3 121.68 NOTE
r-devel-windows-ix86+x86_64 0.2.3 22.00 149.00 171.00 OK
r-patched-linux-x86_64 0.2.3 7.50 96.16 103.66 OK
r-patched-solaris-x86 0.2.3 182.30 NOTE
r-release-linux-x86_64 0.2.3 7.55 95.06 102.61 OK
r-release-windows-ix86+x86_64 0.2.3 21.00 143.00 164.00 OK
r-release-osx-x86_64 0.2.3 NOTE
r-oldrel-windows-ix86+x86_64 0.2.3 15.00 152.00 167.00 OK
r-oldrel-osx-x86_64 0.2.3 NOTE

Check Details

Version: 0.2.3
Check: dependencies in R code
Result: NOTE
    Namespace in Imports field not imported from: ‘dplyr’
     All declared Imports should be used.
Flavors: r-devel-linux-x86_64-fedora-clang, r-devel-linux-x86_64-fedora-gcc, r-patched-solaris-x86, r-release-osx-x86_64, r-oldrel-osx-x86_64