CRAN Package Check Results for Package isoband

Last updated on 2020-02-27 09:49:37 CET.

Flavor Version Tinstall Tcheck Ttotal Status Flags
r-devel-linux-x86_64-debian-clang 0.2.0 75.55 53.71 129.26 OK
r-devel-linux-x86_64-debian-gcc 0.2.0 57.57 41.28 98.85 OK
r-devel-linux-x86_64-fedora-clang 0.2.0 209.99 NOTE
r-devel-linux-x86_64-fedora-gcc 0.2.0 179.36 OK
r-devel-windows-ix86+x86_64 0.2.0 141.00 92.00 233.00 OK
r-devel-windows-ix86+x86_64-gcc8 0.2.0 148.00 98.00 246.00 NOTE
r-patched-linux-x86_64 0.2.0 66.76 47.92 114.68 OK
r-patched-solaris-x86 0.2.0 140.60 OK
r-release-linux-x86_64 0.2.0 66.86 48.40 115.26 OK
r-release-windows-ix86+x86_64 0.2.0 149.00 91.00 240.00 OK
r-release-osx-x86_64 0.2.0 NOTE
r-oldrel-windows-ix86+x86_64 0.2.0 134.00 103.00 237.00 OK
r-oldrel-osx-x86_64 0.2.0 NOTE

Check Details

Version: 0.2.0
Check: installed package size
Result: NOTE
     installed size is 9.6Mb
     sub-directories of 1Mb or more:
     doc 1.1Mb
     libs 7.3Mb
Flavors: r-devel-linux-x86_64-fedora-clang, r-devel-windows-ix86+x86_64-gcc8, r-release-osx-x86_64, r-oldrel-osx-x86_64