CRAN Package Check Results for Package isdparser

Last updated on 2019-12-07 08:49:29 CET.

Flavor Version Tinstall Tcheck Ttotal Status Flags
r-devel-linux-x86_64-debian-clang 0.3.0 3.07 77.94 81.01 OK
r-devel-linux-x86_64-debian-gcc 0.3.0 2.59 53.72 56.31 OK
r-devel-linux-x86_64-fedora-clang 0.3.0 88.39 NOTE
r-devel-linux-x86_64-fedora-gcc 0.3.0 86.32 NOTE
r-devel-windows-ix86+x86_64 0.3.0 7.00 115.00 122.00 OK
r-devel-windows-ix86+x86_64-gcc8 0.3.0 7.00 87.00 94.00 OK
r-patched-linux-x86_64 0.3.0 2.48 65.63 68.11 OK
r-patched-solaris-x86 0.3.0 118.00 NOTE
r-release-linux-x86_64 0.3.0 2.61 67.56 70.17 OK
r-release-windows-ix86+x86_64 0.3.0 5.00 75.00 80.00 OK
r-release-osx-x86_64 0.3.0 NOTE
r-oldrel-windows-ix86+x86_64 0.3.0 4.00 105.00 109.00 OK
r-oldrel-osx-x86_64 0.3.0 NOTE

Check Details

Version: 0.3.0
Check: data for non-ASCII characters
Result: NOTE
     Note: found 104 marked UTF-8 strings
Flavors: r-devel-linux-x86_64-fedora-clang, r-devel-linux-x86_64-fedora-gcc, r-patched-solaris-x86, r-release-osx-x86_64, r-oldrel-osx-x86_64