CRAN Package Check Results for Package isdparser

Last updated on 2021-09-16 08:50:35 CEST.

Flavor Version Tinstall Tcheck Ttotal Status Flags
r-devel-linux-x86_64-debian-clang 0.4.0 5.48 85.66 91.14 OK
r-devel-linux-x86_64-debian-gcc 0.4.0 3.83 60.01 63.84 OK
r-devel-linux-x86_64-fedora-clang 0.4.0 114.79 NOTE
r-devel-linux-x86_64-fedora-gcc 0.4.0 99.70 NOTE
r-devel-windows-x86_64 0.4.0 7.00 112.00 119.00 OK
r-devel-windows-x86_64-gcc10-UCRT 0.4.0 NOTE
r-patched-linux-x86_64 0.4.0 5.67 77.99 83.66 OK
r-patched-solaris-x86 0.4.0 142.50 NOTE
r-release-linux-x86_64 0.4.0 5.11 78.63 83.74 OK
r-release-macos-arm64 0.4.0 NOTE
r-release-macos-x86_64 0.4.0 NOTE
r-release-windows-ix86+x86_64 0.4.0 12.00 72.00 84.00 OK
r-oldrel-macos-x86_64 0.4.0 NOTE
r-oldrel-windows-ix86+x86_64 0.4.0 8.00 91.00 99.00 OK

Check Details

Version: 0.4.0
Check: data for non-ASCII characters
Result: NOTE
     Note: found 104 marked UTF-8 strings
Flavors: r-devel-linux-x86_64-fedora-clang, r-devel-linux-x86_64-fedora-gcc, r-devel-windows-x86_64-gcc10-UCRT, r-patched-solaris-x86, r-release-macos-arm64, r-release-macos-x86_64, r-oldrel-macos-x86_64