CRAN Package Check Results for Package isdparser

Last updated on 2022-10-05 10:51:42 CEST.

Flavor Version Tinstall Tcheck Ttotal Status Flags
r-devel-linux-x86_64-debian-clang 0.4.0 5.15 87.69 92.84 OK
r-devel-linux-x86_64-debian-gcc 0.4.0 4.03 60.88 64.91 OK
r-devel-linux-x86_64-fedora-clang 0.4.0 123.56 NOTE
r-devel-linux-x86_64-fedora-gcc 0.4.0 111.52 NOTE
r-devel-windows-x86_64 0.4.0 57.00 111.00 168.00 OK
r-patched-linux-x86_64 0.4.0 4.56 79.47 84.03 OK
r-release-linux-x86_64 0.4.0 4.16 77.99 82.15 OK
r-release-macos-arm64 0.4.0 29.00 NOTE
r-release-macos-x86_64 0.4.0 46.00 NOTE
r-release-windows-x86_64 0.4.0 42.00 108.00 150.00 OK
r-oldrel-macos-arm64 0.4.0 40.00 NOTE
r-oldrel-macos-x86_64 0.4.0 50.00 NOTE
r-oldrel-windows-ix86+x86_64 0.4.0 10.00 110.00 120.00 OK

Check Details

Version: 0.4.0
Check: data for non-ASCII characters
Result: NOTE
     Note: found 104 marked UTF-8 strings
Flavors: r-devel-linux-x86_64-fedora-clang, r-devel-linux-x86_64-fedora-gcc, r-release-macos-arm64, r-release-macos-x86_64, r-oldrel-macos-arm64, r-oldrel-macos-x86_64