CRAN Package Check Results for Package iscoCrosswalks

Last updated on 2024-02-24 19:50:42 CET.

Flavor Version Tinstall Tcheck Ttotal Status Flags
r-devel-linux-x86_64-debian-clang 1.0.0 3.14 40.15 43.29 OK
r-devel-linux-x86_64-debian-gcc 1.0.0 2.12 29.60 31.72 OK
r-devel-linux-x86_64-fedora-clang 1.0.0 55.21 NOTE
r-devel-linux-x86_64-fedora-gcc 1.0.0 63.01 NOTE
r-devel-windows-x86_64 1.0.0 4.00 52.00 56.00 OK
r-patched-linux-x86_64 1.0.0 3.31 36.71 40.02 OK
r-release-linux-x86_64 1.0.0 3.19 37.20 40.39 OK
r-release-macos-arm64 1.0.0 27.00 OK
r-release-macos-x86_64 1.0.0 38.00 OK
r-release-windows-x86_64 1.0.0 5.00 56.00 61.00 OK
r-oldrel-macos-arm64 1.0.0 24.00 NOTE
r-oldrel-windows-x86_64 1.0.0 5.00 61.00 66.00 OK

Check Details

Version: 1.0.0
Check: data for non-ASCII characters
Result: NOTE Note: found 12 marked UTF-8 strings Flavors: r-devel-linux-x86_64-fedora-clang, r-devel-linux-x86_64-fedora-gcc, r-oldrel-macos-arm64