CRAN Package Check Results for Package irtrees

Last updated on 2021-09-20 08:50:22 CEST.

Flavor Version Tinstall Tcheck Ttotal Status Flags
r-devel-linux-x86_64-debian-clang 0.1.0 1.98 22.21 24.19 NOTE
r-devel-linux-x86_64-debian-gcc 0.1.0 1.58 17.64 19.22 NOTE
r-devel-linux-x86_64-fedora-clang 0.1.0 38.42 NOTE
r-devel-linux-x86_64-fedora-gcc 0.1.0 27.66 NOTE
r-devel-windows-x86_64 0.1.0 3.00 28.00 31.00 NOTE
r-devel-windows-x86_64-gcc10-UCRT 0.1.0 ERROR
r-patched-linux-x86_64 0.1.0 2.13 21.43 23.56 NOTE
r-patched-solaris-x86 0.1.0 45.80 NOTE
r-release-linux-x86_64 0.1.0 1.92 21.46 23.38 NOTE
r-release-macos-arm64 0.1.0 NOTE
r-release-macos-x86_64 0.1.0 NOTE
r-release-windows-ix86+x86_64 0.1.0 4.00 30.00 34.00 NOTE
r-oldrel-macos-x86_64 0.1.0 NOTE
r-oldrel-windows-ix86+x86_64 0.1.0 4.00 27.00 31.00 NOTE

Check Details

Version: 0.1.0
Check: R code for possible problems
Result: NOTE
    dendrify: no visible binding for global variable 'item'
    dendrify: no visible binding for global variable 'node'
    dendrify: no visible binding for global variable 'value'
    exogenize: no visible binding for global variable 'item'
    Undefined global functions or variables:
     item node value
Flavors: r-devel-linux-x86_64-debian-clang, r-devel-linux-x86_64-debian-gcc, r-devel-linux-x86_64-fedora-clang, r-devel-linux-x86_64-fedora-gcc, r-devel-windows-x86_64, r-devel-windows-x86_64-gcc10-UCRT, r-patched-linux-x86_64, r-patched-solaris-x86, r-release-linux-x86_64, r-release-macos-arm64, r-release-macos-x86_64, r-release-windows-ix86+x86_64, r-oldrel-macos-x86_64, r-oldrel-windows-ix86+x86_64

Version: 0.1.0
Check: whether package can be installed
Result: WARN
    Found the following significant warnings:
     WARNING: installation-time patches will not be applied, could not get the patches index
Flavor: r-devel-windows-x86_64-gcc10-UCRT

Version: 0.1.0
Check: PDF version of manual
Result: WARN
    LaTeX errors when creating PDF version.
    This typically indicates Rd problems.
Flavor: r-devel-windows-x86_64-gcc10-UCRT

Version: 0.1.0
Check: PDF version of manual without hyperrefs or index
Result: ERROR
    Re-running with no redirection of stdout/stderr.
Flavor: r-devel-windows-x86_64-gcc10-UCRT