CRAN Package Check Results for Package irtoys

Last updated on 2021-10-24 20:51:06 CEST.

Flavor Version Tinstall Tcheck Ttotal Status Flags
r-devel-linux-x86_64-debian-clang 0.2.1 11.70 93.36 105.06 NOTE
r-devel-linux-x86_64-debian-gcc 0.2.1 9.06 71.38 80.44 NOTE
r-devel-linux-x86_64-fedora-clang 0.2.1 133.47 OK
r-devel-linux-x86_64-fedora-gcc 0.2.1 123.84 OK
r-devel-windows-x86_64 0.2.1 17.00 128.00 145.00 NOTE
r-devel-windows-x86_64-gcc10-UCRT 0.2.1 OK
r-patched-linux-x86_64 0.2.1 10.20 85.44 95.64 NOTE
r-patched-solaris-x86 0.2.1 169.90 OK
r-release-linux-x86_64 0.2.1 10.31 84.03 94.34 NOTE
r-release-macos-arm64 0.2.1 OK
r-release-macos-x86_64 0.2.1 OK
r-release-windows-ix86+x86_64 0.2.1 17.00 165.00 182.00 NOTE
r-oldrel-macos-x86_64 0.2.1 OK
r-oldrel-windows-ix86+x86_64 0.2.1 26.00 165.00 191.00 NOTE

Check Details

Version: 0.2.1
Check: package vignettes
Result: NOTE
    Package vignette with placeholder title 'Vignette Title':
     'irtoys-vignette.Rmd'
Flavors: r-devel-linux-x86_64-debian-clang, r-devel-linux-x86_64-debian-gcc, r-devel-windows-x86_64, r-patched-linux-x86_64, r-release-linux-x86_64, r-release-windows-ix86+x86_64, r-oldrel-windows-ix86+x86_64