CRAN Package Check Results for Package irregulAR1

Last updated on 2020-02-27 09:49:37 CET.

Flavor Version Tinstall Tcheck Ttotal Status Flags
r-devel-linux-x86_64-debian-clang 1.0.0 68.72 62.36 131.08 NOTE
r-devel-linux-x86_64-debian-gcc 1.0.0 52.74 49.52 102.26 NOTE
r-devel-linux-x86_64-fedora-clang 1.0.0 176.86 NOTE
r-devel-linux-x86_64-fedora-gcc 1.0.0 169.16 NOTE
r-devel-windows-ix86+x86_64 1.0.0 115.00 112.00 227.00 OK
r-devel-windows-ix86+x86_64-gcc8 1.0.0 130.00 116.00 246.00 OK
r-patched-linux-x86_64 1.0.0 54.52 55.81 110.33 NOTE
r-patched-solaris-x86 1.0.0 185.00 OK
r-release-linux-x86_64 1.0.0 56.90 55.85 112.75 NOTE
r-release-windows-ix86+x86_64 1.0.0 125.00 104.00 229.00 OK
r-release-osx-x86_64 1.0.0 OK
r-oldrel-windows-ix86+x86_64 1.0.0 111.00 91.00 202.00 OK
r-oldrel-osx-x86_64 1.0.0 OK

Check Details

Version: 1.0.0
Check: use of SHLIB_OPENMP_*FLAGS in Makefiles
Result: NOTE
     src/Makevars: SHLIB_OPENMP_CXXFLAGS is included in PKG_CXXFLAGS but not in PKG_LIBS
     src/Makevars: SHLIB_OPENMP_CFLAGS is included in PKG_LIBS but linking is by C++
     src/Makevars.win: SHLIB_OPENMP_CXXFLAGS is included in PKG_CXXFLAGS but not in PKG_LIBS
     src/Makevars.win: SHLIB_OPENMP_CFLAGS is included in PKG_LIBS but linking is by C++
    Use of these macros is discussed in sect 1.2.1.1 of 'Writing R
    Extensions'. The macros for different languages may differ so the
    matching macro must be used in PKG_CXXFLAGS (etc) and match that used
    in PKG_LIBS (except for Fortran: see the manual).
Flavors: r-devel-linux-x86_64-debian-clang, r-devel-linux-x86_64-debian-gcc, r-devel-linux-x86_64-fedora-clang, r-devel-linux-x86_64-fedora-gcc, r-patched-linux-x86_64, r-release-linux-x86_64