CRAN Package Check Results for Package iqLearn

Last updated on 2021-09-20 08:50:22 CEST.

Flavor Version Tinstall Tcheck Ttotal Status Flags
r-devel-linux-x86_64-debian-clang 1.5 3.80 42.97 46.77 OK
r-devel-linux-x86_64-debian-gcc 1.5 2.82 33.51 36.33 OK
r-devel-linux-x86_64-fedora-clang 1.5 63.92 OK
r-devel-linux-x86_64-fedora-gcc 1.5 53.75 OK
r-devel-windows-x86_64 1.5 5.00 46.00 51.00 OK
r-devel-windows-x86_64-gcc10-UCRT 1.5 ERROR
r-patched-linux-x86_64 1.5 3.70 42.13 45.83 OK
r-patched-solaris-x86 1.5 79.20 OK
r-release-linux-x86_64 1.5 3.45 41.74 45.19 OK
r-release-macos-arm64 1.5 OK
r-release-macos-x86_64 1.5 OK
r-release-windows-ix86+x86_64 1.5 6.00 46.00 52.00 OK
r-oldrel-macos-x86_64 1.5 OK
r-oldrel-windows-ix86+x86_64 1.5 6.00 47.00 53.00 OK

Check Details

Version: 1.5
Check: whether package can be installed
Result: WARN
    Found the following significant warnings:
     WARNING: installation-time patches will not be applied, could not get the patches index
Flavor: r-devel-windows-x86_64-gcc10-UCRT

Version: 1.5
Check: PDF version of manual
Result: WARN
    LaTeX errors when creating PDF version.
    This typically indicates Rd problems.
Flavor: r-devel-windows-x86_64-gcc10-UCRT

Version: 1.5
Check: PDF version of manual without hyperrefs or index
Result: ERROR
    Re-running with no redirection of stdout/stderr.
Flavor: r-devel-windows-x86_64-gcc10-UCRT